CRAN Package Check Results for Package cabinets

Last updated on 2024-07-23 22:49:35 CEST.

Flavor Version Tinstall Tcheck Ttotal Status Flags
r-devel-linux-x86_64-debian-clang 0.6.0 2.60 29.43 32.03 NOTE
r-devel-linux-x86_64-debian-gcc 0.6.0 2.47 22.12 24.59 NOTE
r-devel-linux-x86_64-fedora-clang 0.6.0 41.22 NOTE
r-devel-linux-x86_64-fedora-gcc 0.6.0 38.64 NOTE
r-devel-windows-x86_64 0.6.0 5.00 45.00 50.00 NOTE
r-patched-linux-x86_64 0.6.0 3.61 28.79 32.40 NOTE
r-release-linux-x86_64 0.6.0 3.33 27.66 30.99 NOTE
r-release-macos-arm64 0.6.0 20.00 NOTE
r-release-macos-x86_64 0.6.0 27.00 NOTE
r-release-windows-x86_64 0.6.0 4.00 45.00 49.00 NOTE
r-oldrel-macos-arm64 0.6.0 20.00 NOTE
r-oldrel-macos-x86_64 0.6.0 24.00 NOTE
r-oldrel-windows-x86_64 0.6.0 4.00 46.00 50.00 NOTE

Check Details

Version: 0.6.0
Check: LazyData
Result: NOTE 'LazyData' is specified without a 'data' directory Flavors: r-devel-linux-x86_64-debian-clang, r-devel-linux-x86_64-debian-gcc, r-devel-linux-x86_64-fedora-clang, r-devel-linux-x86_64-fedora-gcc, r-devel-windows-x86_64, r-patched-linux-x86_64, r-release-linux-x86_64, r-release-macos-arm64, r-release-macos-x86_64, r-release-windows-x86_64, r-oldrel-macos-arm64, r-oldrel-macos-x86_64, r-oldrel-windows-x86_64