CRAN Package Check Results for Package calpassapi

Last updated on 2024-07-20 21:55:59 CEST.

Flavor Version Tinstall Tcheck Ttotal Status Flags
r-devel-linux-x86_64-debian-clang 0.0.3 4.16 47.49 51.65 NOTE
r-devel-linux-x86_64-debian-gcc 0.0.3 3.85 35.57 39.42 NOTE
r-devel-linux-x86_64-fedora-clang 0.0.3 73.03 NOTE
r-devel-linux-x86_64-fedora-gcc 0.0.3 72.91 NOTE
r-devel-windows-x86_64 0.0.3 8.00 55.00 63.00 NOTE
r-patched-linux-x86_64 0.0.3 3.54 45.57 49.11 NOTE
r-release-linux-x86_64 0.0.3 4.83 44.79 49.62 NOTE
r-release-macos-arm64 0.0.3 29.00 NOTE
r-release-macos-x86_64 0.0.3 49.00 NOTE
r-release-windows-x86_64 0.0.3 6.00 54.00 60.00 NOTE
r-oldrel-macos-arm64 0.0.3 30.00 NOTE
r-oldrel-macos-x86_64 0.0.3 42.00 NOTE
r-oldrel-windows-x86_64 0.0.3 7.00 60.00 67.00 NOTE

Check Details

Version: 0.0.3
Check: LazyData
Result: NOTE 'LazyData' is specified without a 'data' directory Flavors: r-devel-linux-x86_64-debian-clang, r-devel-linux-x86_64-debian-gcc, r-devel-linux-x86_64-fedora-clang, r-devel-linux-x86_64-fedora-gcc, r-devel-windows-x86_64, r-patched-linux-x86_64, r-release-linux-x86_64, r-release-macos-arm64, r-release-macos-x86_64, r-release-windows-x86_64, r-oldrel-macos-arm64, r-oldrel-macos-x86_64, r-oldrel-windows-x86_64