CRAN Package Check Results for Package camtrapR

Last updated on 2021-09-19 16:48:46 CEST.

Flavor Version Tinstall Tcheck Ttotal Status Flags
r-devel-linux-x86_64-debian-clang 2.0.3 21.78 214.27 236.05 OK
r-devel-linux-x86_64-debian-gcc 2.0.3 18.00 160.45 178.45 OK
r-devel-linux-x86_64-fedora-clang 2.0.3 287.25 NOTE
r-devel-linux-x86_64-fedora-gcc 2.0.3 272.18 OK
r-devel-windows-x86_64 2.0.3 24.00 289.00 313.00 NOTE
r-devel-windows-x86_64-gcc10-UCRT 2.0.3 ERROR
r-patched-linux-x86_64 2.0.3 20.07 211.43 231.50 OK
r-patched-solaris-x86 2.0.3 283.00 NOTE --no-vignettes
r-release-linux-x86_64 2.0.3 19.19 211.84 231.03 OK
r-release-macos-arm64 2.0.3 NOTE
r-release-macos-x86_64 2.0.3 NOTE
r-release-windows-ix86+x86_64 2.0.3 41.00 218.00 259.00 NOTE
r-oldrel-macos-x86_64 2.0.3 NOTE
r-oldrel-windows-ix86+x86_64 2.0.3 43.00 290.00 333.00 NOTE

Check Details

Version: 2.0.3
Check: installed package size
Result: NOTE
     installed size is 8.6Mb
     sub-directories of 1Mb or more:
     doc 4.0Mb
     pictures 4.0Mb
Flavors: r-devel-linux-x86_64-fedora-clang, r-devel-windows-x86_64, r-release-macos-arm64, r-release-macos-x86_64, r-release-windows-ix86+x86_64, r-oldrel-macos-x86_64, r-oldrel-windows-ix86+x86_64

Version: 2.0.3
Check: Rd cross-references
Result: NOTE
    Undeclared package ‘plotrix’ in Rd xrefs
Flavor: r-devel-linux-x86_64-fedora-clang

Version: 2.0.3
Check: package dependencies
Result: NOTE
    Package suggested but not available for checking: 'taxize'
Flavor: r-devel-windows-x86_64-gcc10-UCRT

Version: 2.0.3
Check: whether package can be installed
Result: WARN
    Found the following significant warnings:
     WARNING: installation-time patches will not be applied, could not get the patches index
Flavor: r-devel-windows-x86_64-gcc10-UCRT

Version: 2.0.3
Check: Rd cross-references
Result: NOTE
    Package unavailable to check Rd xrefs: 'taxize'
Flavor: r-devel-windows-x86_64-gcc10-UCRT

Version: 2.0.3
Check: PDF version of manual
Result: WARN
    LaTeX errors when creating PDF version.
    This typically indicates Rd problems.
Flavor: r-devel-windows-x86_64-gcc10-UCRT

Version: 2.0.3
Check: PDF version of manual without hyperrefs or index
Result: ERROR
    Re-running with no redirection of stdout/stderr.
Flavor: r-devel-windows-x86_64-gcc10-UCRT

Version: 2.0.3
Flags: --no-vignettes
Check: installed package size
Result: NOTE
     installed size is 8.7Mb
     sub-directories of 1Mb or more:
     doc 4.2Mb
     pictures 3.7Mb
Flavor: r-patched-solaris-x86