CRAN Package Check Results for Package carData

Last updated on 2021-10-25 10:54:17 CEST.

Flavor Version Tinstall Tcheck Ttotal Status Flags
r-devel-linux-x86_64-debian-clang 3.0-4 3.52 19.70 23.22 OK
r-devel-linux-x86_64-debian-gcc 3.0-4 2.92 15.41 18.33 OK
r-devel-linux-x86_64-fedora-clang 3.0-4 40.24 NOTE
r-devel-linux-x86_64-fedora-gcc 3.0-4 30.19 OK
r-devel-windows-x86_64 3.0-4 8.00 36.00 44.00 OK
r-devel-windows-x86_64-gcc10-UCRT 3.0-4 OK
r-patched-linux-x86_64 3.0-4 4.69 19.11 23.80 OK
r-patched-solaris-x86 3.0-4 43.20 OK
r-release-linux-x86_64 3.0-4 3.67 19.19 22.86 OK
r-release-macos-arm64 3.0-4 OK
r-release-macos-x86_64 3.0-4 OK
r-release-windows-ix86+x86_64 3.0-4 8.00 24.00 32.00 OK
r-oldrel-macos-x86_64 3.0-4 OK
r-oldrel-windows-ix86+x86_64 3.0-4 7.00 27.00 34.00 OK

Check Details

Version: 3.0-4
Check: Rd cross-references
Result: NOTE
    Undeclared package ‘car’ in Rd xrefs
Flavor: r-devel-linux-x86_64-fedora-clang