CRAN Package Check Results for Package carat

Last updated on 2021-09-28 01:49:18 CEST.

Flavor Version Tinstall Tcheck Ttotal Status Flags
r-devel-linux-x86_64-debian-clang 2.0 83.14 81.23 164.37 OK
r-devel-linux-x86_64-debian-gcc 2.0 65.84 60.01 125.85 OK
r-devel-linux-x86_64-fedora-clang 2.0 236.55 NOTE
r-devel-linux-x86_64-fedora-gcc 2.0 208.51 OK
r-devel-windows-x86_64 2.0 97.00 109.00 206.00 OK
r-devel-windows-x86_64-gcc10-UCRT 2.0 OK
r-patched-linux-x86_64 1.5 71.10 74.17 145.27 OK
r-patched-solaris-x86 2.0 194.50 OK
r-release-linux-x86_64 2.0 74.70 76.05 150.75 OK
r-release-macos-arm64 1.5 NOTE
r-release-macos-x86_64 2.0 NOTE
r-release-windows-ix86+x86_64 2.0 128.00 109.00 237.00 OK
r-oldrel-macos-x86_64 2.0 NOTE
r-oldrel-windows-ix86+x86_64 1.4 125.00 141.00 266.00 OK

Check Details

Version: 2.0
Check: installed package size
Result: NOTE
     installed size is 8.8Mb
     sub-directories of 1Mb or more:
     libs 8.3Mb
Flavors: r-devel-linux-x86_64-fedora-clang, r-release-macos-x86_64, r-oldrel-macos-x86_64

Version: 1.5
Check: installed package size
Result: NOTE
     installed size is 12.9Mb
     sub-directories of 1Mb or more:
     libs 12.5Mb
Flavor: r-release-macos-arm64