CRAN Package Check Results for Package cascadess

Last updated on 2021-10-17 07:50:37 CEST.

Flavor Version Tinstall Tcheck Ttotal Status Flags
r-devel-linux-x86_64-debian-clang 0.1.0 3.11 38.52 41.63 NOTE
r-devel-linux-x86_64-debian-gcc 0.1.0 2.54 30.35 32.89 NOTE
r-devel-linux-x86_64-fedora-clang 0.1.0 61.29 NOTE
r-devel-linux-x86_64-fedora-gcc 0.1.0 49.25 NOTE
r-devel-windows-x86_64 0.1.0 6.00 61.00 67.00 NOTE
r-devel-windows-x86_64-gcc10-UCRT 0.1.0 NOTE
r-patched-linux-x86_64 0.1.0 3.84 37.55 41.39 NOTE
r-patched-solaris-x86 0.1.0 80.30 NOTE
r-release-linux-x86_64 0.1.0 2.74 37.14 39.88 NOTE
r-release-macos-arm64 0.1.0 NOTE
r-release-macos-x86_64 0.1.0 NOTE
r-release-windows-ix86+x86_64 0.1.0 6.00 61.00 67.00 NOTE
r-oldrel-macos-x86_64 0.1.0 OK
r-oldrel-windows-ix86+x86_64 0.1.0 10.00 61.00 71.00 OK

Check Details

Version: 0.1.0
Check: LazyData
Result: NOTE
     'LazyData' is specified without a 'data' directory
Flavors: r-devel-linux-x86_64-debian-clang, r-devel-linux-x86_64-debian-gcc, r-devel-linux-x86_64-fedora-clang, r-devel-linux-x86_64-fedora-gcc, r-devel-windows-x86_64, r-devel-windows-x86_64-gcc10-UCRT, r-patched-linux-x86_64, r-patched-solaris-x86, r-release-linux-x86_64, r-release-macos-arm64, r-release-macos-x86_64, r-release-windows-ix86+x86_64