CRAN Package Check Results for Package castor

Last updated on 2021-09-25 07:49:28 CEST.

Flavor Version Tinstall Tcheck Ttotal Status Flags
r-devel-linux-x86_64-debian-clang 1.6.9 153.49 181.88 335.37 OK
r-devel-linux-x86_64-debian-gcc 1.6.9 132.50 134.79 267.29 OK
r-devel-linux-x86_64-fedora-clang 1.6.9 436.34 NOTE
r-devel-linux-x86_64-fedora-gcc 1.6.9 472.08 OK
r-devel-windows-x86_64 1.6.9 116.00 166.00 282.00 OK
r-devel-windows-x86_64-gcc10-UCRT 1.6.9 OK
r-patched-linux-x86_64 1.6.9 153.36 174.75 328.11 OK
r-patched-solaris-x86 1.6.9 403.90 OK
r-release-linux-x86_64 1.6.9 144.22 175.54 319.76 OK
r-release-macos-arm64 1.6.9 NOTE
r-release-macos-x86_64 1.6.9 NOTE
r-release-windows-ix86+x86_64 1.6.9 289.00 208.00 497.00 NOTE
r-oldrel-macos-x86_64 1.6.9 NOTE
r-oldrel-windows-ix86+x86_64 1.6.9 204.00 207.00 411.00 NOTE

Check Details

Version: 1.6.9
Check: installed package size
Result: NOTE
     installed size is 17.4Mb
     sub-directories of 1Mb or more:
     libs 15.6Mb
Flavors: r-devel-linux-x86_64-fedora-clang, r-release-macos-arm64, r-release-macos-x86_64, r-release-windows-ix86+x86_64, r-oldrel-macos-x86_64, r-oldrel-windows-ix86+x86_64