CRAN Package Check Results for Package catenary

Last updated on 2022-01-24 15:54:06 CET.

Flavor Version Tinstall Tcheck Ttotal Status Flags
r-devel-linux-x86_64-debian-clang 1.1.2 3.43 70.94 74.37 OK
r-devel-linux-x86_64-debian-gcc 1.1.2 2.58 52.55 55.13 OK
r-devel-linux-x86_64-fedora-clang 1.1.2 91.32 NOTE
r-devel-linux-x86_64-fedora-gcc 1.1.2 78.43 NOTE
r-devel-windows-x86_64-new-UL 1.1.2 54.00 90.00 144.00 OK
r-devel-windows-x86_64-new-TK 1.1.2 NOTE
r-patched-linux-x86_64 1.1.2 2.19 66.56 68.75 OK
r-release-linux-x86_64 1.1.2 2.08 66.52 68.60 OK
r-release-macos-arm64 1.1.2 NOTE
r-release-macos-x86_64 1.1.2 NOTE
r-release-windows-ix86+x86_64 1.1.2 8.00 83.00 91.00 OK
r-oldrel-macos-x86_64 1.1.2 NOTE
r-oldrel-windows-ix86+x86_64 1.1.2 9.00 82.00 91.00 OK

Check Details

Version: 1.1.2
Check: dependencies in R code
Result: NOTE
    Namespace in Imports field not imported from: ‘tidyverse’
     All declared Imports should be used.
Flavors: r-devel-linux-x86_64-fedora-clang, r-devel-linux-x86_64-fedora-gcc, r-devel-windows-x86_64-new-TK, r-release-macos-arm64, r-release-macos-x86_64, r-oldrel-macos-x86_64