CRAN Package Check Results for Package cati

Last updated on 2021-09-18 22:52:57 CEST.

Flavor Version Tinstall Tcheck Ttotal Status Flags
r-devel-linux-x86_64-debian-clang 0.99.3 39.91 321.38 361.29 NOTE
r-devel-linux-x86_64-debian-gcc 0.99.3 33.40 234.70 268.10 NOTE
r-devel-linux-x86_64-fedora-clang 0.99.3 430.59 NOTE
r-devel-linux-x86_64-fedora-gcc 0.99.3 417.78 NOTE
r-devel-windows-x86_64 0.99.3 39.00 340.00 379.00 OK
r-devel-windows-x86_64-gcc10-UCRT 0.99.3 NOTE
r-patched-linux-x86_64 0.99.3 37.55 302.73 340.28 NOTE
r-patched-solaris-x86 0.99.3 537.50 NOTE
r-release-linux-x86_64 0.99.3 34.13 305.60 339.73 NOTE
r-release-macos-arm64 0.99.3 NOTE
r-release-macos-x86_64 0.99.3 NOTE
r-release-windows-ix86+x86_64 0.99.3 82.00 240.00 322.00 OK
r-oldrel-macos-x86_64 0.99.3 NOTE
r-oldrel-windows-ix86+x86_64 0.99.3 84.00 368.00 452.00 OK

Check Details

Version: 0.99.3
Check: package dependencies
Result: NOTE
    Package suggested but not available for checking: 'spacodiR'
Flavors: r-devel-linux-x86_64-debian-clang, r-devel-linux-x86_64-debian-gcc, r-devel-linux-x86_64-fedora-clang, r-devel-linux-x86_64-fedora-gcc, r-devel-windows-x86_64-gcc10-UCRT, r-patched-linux-x86_64, r-patched-solaris-x86, r-release-linux-x86_64, r-release-macos-arm64, r-release-macos-x86_64, r-oldrel-macos-x86_64