CRAN Package Check Results for Package cati

Last updated on 2024-06-13 06:57:56 CEST.

Flavor Version Tinstall Tcheck Ttotal Status Flags
r-devel-linux-x86_64-debian-clang 0.99.4 61.21 448.18 509.39 OK
r-devel-linux-x86_64-debian-gcc 0.99.4 0.38 1.75 2.13 ERROR
r-devel-linux-x86_64-fedora-clang 0.99.4 606.16 OK
r-devel-linux-x86_64-fedora-gcc 0.99.4 561.69 OK
r-devel-windows-x86_64 0.99.4 40.00 268.00 308.00 OK
r-patched-linux-x86_64 0.99.4 54.80 420.69 475.49 OK
r-release-linux-x86_64 0.99.4 33.14 421.42 454.56 OK
r-release-macos-arm64 0.99.4 130.00 OK
r-release-macos-x86_64 0.99.4 205.00 OK
r-release-windows-x86_64 0.99.4 39.00 263.00 302.00 OK
r-oldrel-macos-arm64 0.99.4 141.00 OK
r-oldrel-macos-x86_64 0.99.4 258.00 OK
r-oldrel-windows-x86_64 0.99.4 53.00 369.00 422.00 OK

Check Details

Version: 0.99.4
Check: package dependencies
Result: ERROR Package required but not available: ‘hypervolume’ Packages suggested but not available for checking: 'entropart', 'mice' See section ‘The DESCRIPTION file’ in the ‘Writing R Extensions’ manual. Flavor: r-devel-linux-x86_64-debian-gcc