CRAN Package Check Results for Package catmap

Last updated on 2021-10-25 16:49:03 CEST.

Flavor Version Tinstall Tcheck Ttotal Status Flags
r-devel-linux-x86_64-debian-clang 1.6.4 2.99 31.49 34.48 NOTE
r-devel-linux-x86_64-debian-gcc 1.6.4 2.24 24.40 26.64 NOTE
r-devel-linux-x86_64-fedora-clang 1.6.4 52.11 NOTE
r-devel-linux-x86_64-fedora-gcc 1.6.4 42.05 NOTE
r-devel-windows-x86_64 1.6.4 5.00 49.00 54.00 OK
r-devel-windows-x86_64-gcc10-UCRT 1.6.4 OK
r-patched-linux-x86_64 1.6.4 3.16 30.21 33.37 NOTE
r-patched-solaris-x86 1.6.4 63.20 NOTE
r-release-linux-x86_64 1.6.4 2.86 30.50 33.36 NOTE
r-release-macos-arm64 1.6.4 OK
r-release-macos-x86_64 1.6.4 OK
r-release-windows-ix86+x86_64 1.6.4 4.00 49.00 53.00 OK
r-oldrel-macos-x86_64 1.6.4 OK
r-oldrel-windows-ix86+x86_64 1.6.4 6.00 49.00 55.00 OK

Check Details

Version: 1.6.4
Check: for non-standard things in the check directory
Result: NOTE
    Found the following files/directories:
     'catmapdata.fixed.effects.plot.pdf' 'catmapdata.funnel.plot.pdf'
     'catmapdata.output.txt' 'catmapdata.random.effects.plot.pdf'
Flavors: r-devel-linux-x86_64-debian-clang, r-devel-linux-x86_64-debian-gcc, r-devel-linux-x86_64-fedora-clang, r-devel-linux-x86_64-fedora-gcc, r-patched-linux-x86_64, r-patched-solaris-x86, r-release-linux-x86_64