CRAN Package Check Results for Package cbar

Last updated on 2021-12-05 09:49:51 CET.

Flavor Version Tinstall Tcheck Ttotal Status Flags
r-devel-linux-x86_64-debian-clang 0.1.3 6.36 74.33 80.69 NOTE
r-devel-linux-x86_64-debian-gcc 0.1.3 3.98 54.80 58.78 NOTE
r-devel-linux-x86_64-fedora-clang 0.1.3 96.26 NOTE
r-devel-linux-x86_64-fedora-gcc 0.1.3 85.44 NOTE
r-devel-windows-x86_64-new-UL 0.1.3 14.00 116.00 130.00 NOTE
r-devel-windows-x86_64-new-TK 0.1.3 NOTE
r-devel-windows-x86_64-old 0.1.3 10.00 64.00 74.00 NOTE
r-patched-linux-x86_64 0.1.3 4.99 62.85 67.84 NOTE
r-release-linux-x86_64 0.1.3 5.70 70.08 75.78 NOTE
r-release-macos-arm64 0.1.3 NOTE
r-release-macos-x86_64 0.1.3 NOTE
r-release-windows-ix86+x86_64 0.1.3 15.00 89.00 104.00 NOTE
r-oldrel-macos-x86_64 0.1.3 OK
r-oldrel-windows-ix86+x86_64 0.1.3 14.00 89.00 103.00 OK

Check Details

Version: 0.1.3
Check: LazyData
Result: NOTE
     'LazyData' is specified without a 'data' directory
Flavors: r-devel-linux-x86_64-debian-clang, r-devel-linux-x86_64-debian-gcc, r-devel-linux-x86_64-fedora-clang, r-devel-linux-x86_64-fedora-gcc, r-devel-windows-x86_64-new-UL, r-devel-windows-x86_64-new-TK, r-devel-windows-x86_64-old, r-patched-linux-x86_64, r-release-linux-x86_64, r-release-macos-arm64, r-release-macos-x86_64, r-release-windows-ix86+x86_64