CRAN Package Check Results for Package cbinom

Last updated on 2021-09-20 22:55:13 CEST.

Flavor Version Tinstall Tcheck Ttotal Status Flags
r-devel-linux-x86_64-debian-clang 1.6 18.92 26.21 45.13 OK
r-devel-linux-x86_64-debian-gcc 1.6 12.70 20.82 33.52 OK
r-devel-linux-x86_64-fedora-clang 1.6 69.93 OK
r-devel-linux-x86_64-fedora-gcc 1.6 56.15 OK
r-devel-windows-x86_64 1.6 21.00 39.00 60.00 OK
r-devel-windows-x86_64-gcc10-UCRT 1.6 ERROR
r-patched-linux-x86_64 1.6 15.06 25.57 40.63 OK
r-patched-solaris-x86 1.6 68.50 OK
r-release-linux-x86_64 1.6 15.39 25.32 40.71 OK
r-release-macos-arm64 1.6 OK
r-release-macos-x86_64 1.6 OK
r-release-windows-ix86+x86_64 1.6 46.00 48.00 94.00 OK
r-oldrel-macos-x86_64 1.6 OK
r-oldrel-windows-ix86+x86_64 1.6 45.00 57.00 102.00 OK

Check Details

Version: 1.6
Check: whether package can be installed
Result: ERROR
    Installation failed.
Flavor: r-devel-windows-x86_64-gcc10-UCRT