CRAN Package Check Results for Package ccaPP

Last updated on 2021-09-22 13:52:33 CEST.

Flavor Version Tinstall Tcheck Ttotal Status Flags
r-devel-linux-x86_64-debian-clang 0.3.3 86.59 39.40 125.99 OK --no-vignettes
r-devel-linux-x86_64-debian-gcc 0.3.3 49.58 30.83 80.41 OK --no-vignettes
r-devel-linux-x86_64-fedora-clang 0.3.3 216.72 OK
r-devel-linux-x86_64-fedora-gcc 0.3.3 187.42 OK
r-devel-windows-x86_64 0.3.3 73.00 78.00 151.00 OK
r-devel-windows-x86_64-gcc10-UCRT 0.3.3 ERROR --no-vignettes
r-patched-linux-x86_64 0.3.3 63.21 39.86 103.07 OK --no-vignettes
r-patched-solaris-x86 0.3.3 145.40 OK --no-vignettes
r-release-linux-x86_64 0.3.3 60.28 39.64 99.92 OK --no-vignettes
r-release-macos-arm64 0.3.3 NOTE
r-release-macos-x86_64 0.3.3 OK
r-release-windows-ix86+x86_64 0.3.3 178.00 105.00 283.00 OK
r-oldrel-macos-x86_64 0.3.3 NOTE
r-oldrel-windows-ix86+x86_64 0.3.3 129.00 103.00 232.00 OK

Check Details

Version: 0.3.3
Flags: --no-vignettes
Check: whether package can be installed
Result: ERROR
    Installation failed.
Flavor: r-devel-windows-x86_64-gcc10-UCRT

Version: 0.3.3
Check: installed package size
Result: NOTE
     installed size is 6.0Mb
     sub-directories of 1Mb or more:
     libs 5.6Mb
Flavors: r-release-macos-arm64, r-oldrel-macos-x86_64