CRAN Package Check Results for Package cdb

Last updated on 2021-11-30 06:49:20 CET.

Flavor Version Tinstall Tcheck Ttotal Status Flags
r-devel-linux-x86_64-debian-clang 0.0.1 1.85 28.18 30.03 NOTE
r-devel-linux-x86_64-debian-gcc 0.0.1 1.55 22.44 23.99 NOTE
r-devel-linux-x86_64-fedora-clang 0.0.1 47.02 NOTE
r-devel-linux-x86_64-fedora-gcc 0.0.1 37.23 NOTE
r-devel-windows-x86_64-new-UL 0.0.1 4.00 75.00 79.00 NOTE
r-devel-windows-x86_64-new-TK 0.0.1 NOTE
r-devel-windows-x86_64-old 0.0.1 3.00 46.00 49.00 NOTE
r-patched-linux-x86_64 0.0.1 1.90 18.75 20.65 NOTE
r-patched-solaris-x86 0.0.1 42.20 NOTE
r-release-linux-x86_64 0.0.1 1.82 18.99 20.81 NOTE
r-release-macos-arm64 0.0.1 NOTE
r-release-macos-x86_64 0.0.1 NOTE
r-release-windows-ix86+x86_64 0.0.1 4.00 27.00 31.00 NOTE
r-oldrel-macos-x86_64 0.0.1 NOTE
r-oldrel-windows-ix86+x86_64 0.0.1 5.00 26.00 31.00 NOTE

Check Details

Version: 0.0.1
Check: dependencies in R code
Result: NOTE
    'library' or 'require' call to 'bitops' which was already attached by Depends.
     Please remove these calls from your code.
Flavors: r-devel-linux-x86_64-debian-clang, r-devel-linux-x86_64-debian-gcc, r-devel-linux-x86_64-fedora-clang, r-devel-linux-x86_64-fedora-gcc, r-devel-windows-x86_64-new-UL, r-devel-windows-x86_64-new-TK, r-devel-windows-x86_64-old, r-patched-linux-x86_64, r-patched-solaris-x86, r-release-linux-x86_64, r-release-macos-arm64, r-release-macos-x86_64, r-release-windows-ix86+x86_64, r-oldrel-macos-x86_64, r-oldrel-windows-ix86+x86_64

Version: 0.0.1
Check: for non-standard things in the check directory
Result: NOTE
    Found the following files/directories:
     'Base.txt'
Flavors: r-devel-linux-x86_64-debian-clang, r-devel-linux-x86_64-debian-gcc, r-devel-linux-x86_64-fedora-clang, r-devel-linux-x86_64-fedora-gcc, r-patched-linux-x86_64, r-patched-solaris-x86, r-release-linux-x86_64