CRAN Package Check Results for Package ceRtainty

Last updated on 2021-09-25 07:49:28 CEST.

Flavor Version Tinstall Tcheck Ttotal Status Flags
r-devel-linux-x86_64-debian-clang 1.0.0 4.63 52.74 57.37 OK
r-devel-linux-x86_64-debian-gcc 1.0.0 3.50 39.43 42.93 OK
r-devel-linux-x86_64-fedora-clang 1.0.0 75.19 NOTE
r-devel-linux-x86_64-fedora-gcc 1.0.0 64.58 NOTE
r-devel-windows-x86_64 1.0.0 6.00 78.00 84.00 OK
r-devel-windows-x86_64-gcc10-UCRT 1.0.0 NOTE
r-patched-linux-x86_64 1.0.0 2.78 48.43 51.21 OK
r-patched-solaris-x86 1.0.0 88.10 NOTE
r-release-linux-x86_64 1.0.0 3.39 48.56 51.95 OK
r-release-macos-arm64 1.0.0 NOTE
r-release-macos-x86_64 1.0.0 NOTE
r-release-windows-ix86+x86_64 1.0.0 11.00 57.00 68.00 OK
r-oldrel-macos-x86_64 1.0.0 NOTE
r-oldrel-windows-ix86+x86_64 1.0.0 8.00 61.00 69.00 OK

Check Details

Version: 1.0.0
Check: dependencies in R code
Result: NOTE
    Namespaces in Imports field not imported from:
     ‘base’ ‘stats’ ‘tidyr’
     All declared Imports should be used.
Flavors: r-devel-linux-x86_64-fedora-clang, r-devel-linux-x86_64-fedora-gcc, r-devel-windows-x86_64-gcc10-UCRT, r-patched-solaris-x86, r-release-macos-arm64, r-release-macos-x86_64, r-oldrel-macos-x86_64