CRAN Package Check Results for Package cellWise

Last updated on 2022-01-25 09:48:30 CET.

Flavor Version Tinstall Tcheck Ttotal Status Flags
r-devel-linux-x86_64-debian-clang 2.2.5 115.01 528.14 643.15 OK
r-devel-linux-x86_64-debian-gcc 2.2.5 86.00 403.08 489.08 OK
r-devel-linux-x86_64-fedora-clang 2.2.5 796.14 NOTE
r-devel-linux-x86_64-fedora-gcc 2.2.5 748.15 OK
r-devel-windows-x86_64-new-UL 2.2.5 159.00 856.00 1015.00 NOTE
r-devel-windows-x86_64-new-TK 2.2.5 OK
r-patched-linux-x86_64 2.2.5 99.97 254.26 354.23 OK
r-release-linux-x86_64 2.2.5 98.65 255.34 353.99 OK
r-release-macos-arm64 2.2.5 NOTE
r-release-macos-x86_64 2.2.5 NOTE
r-release-windows-ix86+x86_64 2.2.5 262.00 314.00 576.00 NOTE
r-oldrel-macos-x86_64 2.2.5 NOTE
r-oldrel-windows-ix86+x86_64 2.2.5 263.00 309.00 572.00 NOTE

Check Details

Version: 2.2.5
Check: installed package size
Result: NOTE
     installed size is 12.7Mb
     sub-directories of 1Mb or more:
     data 3.1Mb
     doc 2.1Mb
     libs 7.1Mb
Flavors: r-devel-linux-x86_64-fedora-clang, r-devel-windows-x86_64-new-UL, r-release-macos-arm64, r-release-macos-x86_64, r-release-windows-ix86+x86_64, r-oldrel-macos-x86_64, r-oldrel-windows-ix86+x86_64