CRAN Package Check Results for Package cenROC

Last updated on 2021-09-27 19:50:13 CEST.

Flavor Version Tinstall Tcheck Ttotal Status Flags
r-devel-linux-x86_64-debian-clang 1.2.0 57.21 83.49 140.70 OK
r-devel-linux-x86_64-debian-gcc 1.2.0 41.50 64.92 106.42 OK
r-devel-linux-x86_64-fedora-clang 1.2.0 193.97 NOTE
r-devel-linux-x86_64-fedora-gcc 1.2.0 184.61 OK
r-devel-windows-x86_64 1.2.0 50.00 97.00 147.00 OK
r-devel-windows-x86_64-gcc10-UCRT 1.2.0 OK
r-patched-linux-x86_64 1.2.0 51.77 81.46 133.23 OK
r-patched-solaris-x86 1.2.0 207.10 OK
r-release-linux-x86_64 1.2.0 51.41 81.45 132.86 OK
r-release-macos-arm64 1.2.0 NOTE
r-release-macos-x86_64 1.2.0 NOTE
r-release-windows-ix86+x86_64 1.2.0 130.00 118.00 248.00 OK
r-oldrel-macos-x86_64 1.2.0 NOTE
r-oldrel-windows-ix86+x86_64 1.2.0 106.00 117.00 223.00 OK

Check Details

Version: 1.2.0
Check: installed package size
Result: NOTE
     installed size is 9.7Mb
     sub-directories of 1Mb or more:
     libs 9.5Mb
Flavors: r-devel-linux-x86_64-fedora-clang, r-release-macos-arm64, r-release-macos-x86_64, r-oldrel-macos-x86_64