CRAN Package Check Results for Package censusr

Last updated on 2024-07-20 21:55:59 CEST.

Flavor Version Tinstall Tcheck Ttotal Status Flags
r-devel-linux-x86_64-debian-clang 0.0.4 4.42 47.14 51.56 NOTE
r-devel-linux-x86_64-debian-gcc 0.0.4 3.74 36.18 39.92 NOTE
r-devel-linux-x86_64-fedora-clang 0.0.4 67.12 NOTE
r-devel-linux-x86_64-fedora-gcc 0.0.4 75.57 NOTE
r-devel-windows-x86_64 0.0.4 8.00 57.00 65.00 NOTE
r-patched-linux-x86_64 0.0.4 4.55 44.70 49.25 NOTE
r-release-linux-x86_64 0.0.4 3.53 46.27 49.80 NOTE
r-release-macos-arm64 0.0.4 30.00 NOTE
r-release-macos-x86_64 0.0.4 46.00 NOTE
r-release-windows-x86_64 0.0.4 6.00 57.00 63.00 NOTE
r-oldrel-macos-arm64 0.0.4 30.00 NOTE
r-oldrel-macos-x86_64 0.0.4 45.00 NOTE
r-oldrel-windows-x86_64 0.0.4 7.00 62.00 69.00 NOTE

Check Details

Version: 0.0.4
Check: Rd files
Result: NOTE checkRd: (-1) call_api_once.Rd:36: Lost braces 36 | A code{data.frame} with the requested variables at the requested | ^ Flavors: r-devel-linux-x86_64-debian-clang, r-devel-linux-x86_64-debian-gcc, r-devel-linux-x86_64-fedora-clang, r-devel-linux-x86_64-fedora-gcc, r-devel-windows-x86_64, r-patched-linux-x86_64, r-release-linux-x86_64, r-release-macos-arm64, r-release-macos-x86_64, r-release-windows-x86_64

Version: 0.0.4
Check: LazyData
Result: NOTE 'LazyData' is specified without a 'data' directory Flavors: r-devel-linux-x86_64-debian-clang, r-devel-linux-x86_64-debian-gcc, r-devel-linux-x86_64-fedora-clang, r-devel-linux-x86_64-fedora-gcc, r-devel-windows-x86_64, r-patched-linux-x86_64, r-release-linux-x86_64, r-release-macos-arm64, r-release-macos-x86_64, r-release-windows-x86_64, r-oldrel-macos-arm64, r-oldrel-macos-x86_64, r-oldrel-windows-x86_64