CRAN Package Check Results for Package ceramic

Last updated on 2021-10-25 10:54:17 CEST.

Flavor Version Tinstall Tcheck Ttotal Status Flags
r-devel-linux-x86_64-debian-clang 0.6.0 26.01 233.57 259.58 NOTE
r-devel-linux-x86_64-debian-gcc 0.6.0 22.75 172.06 194.81 NOTE
r-devel-linux-x86_64-fedora-clang 0.6.0 318.36 NOTE
r-devel-linux-x86_64-fedora-gcc 0.6.0 311.71 NOTE
r-devel-windows-x86_64 0.6.0 41.00 265.00 306.00 NOTE
r-devel-windows-x86_64-gcc10-UCRT 0.6.0 NOTE
r-patched-linux-x86_64 0.6.0 27.70 226.80 254.50 NOTE
r-patched-solaris-x86 0.6.0 191.10 NOTE
r-release-linux-x86_64 0.6.0 23.45 224.06 247.51 NOTE
r-release-macos-arm64 0.6.0 NOTE
r-release-macos-x86_64 0.6.0 NOTE
r-release-windows-ix86+x86_64 0.6.0 43.00 258.00 301.00 NOTE
r-oldrel-macos-x86_64 0.6.0 OK
r-oldrel-windows-ix86+x86_64 0.6.0 29.00 128.00 157.00 OK

Check Details

Version: 0.6.0
Check: LazyData
Result: NOTE
     'LazyData' is specified without a 'data' directory
Flavors: r-devel-linux-x86_64-debian-clang, r-devel-linux-x86_64-debian-gcc, r-devel-linux-x86_64-fedora-clang, r-devel-linux-x86_64-fedora-gcc, r-devel-windows-x86_64, r-devel-windows-x86_64-gcc10-UCRT, r-patched-linux-x86_64, r-patched-solaris-x86, r-release-linux-x86_64, r-release-macos-arm64, r-release-macos-x86_64, r-release-windows-ix86+x86_64