CRAN Package Check Results for Package cg

Last updated on 2021-12-05 09:49:51 CET.

Flavor Version Tinstall Tcheck Ttotal Status Flags
r-devel-linux-x86_64-debian-clang 1.0-3 39.58 256.33 295.91 OK
r-devel-linux-x86_64-debian-gcc 1.0-3 31.60 191.97 223.57 OK
r-devel-linux-x86_64-fedora-clang 1.0-3 371.29 NOTE
r-devel-linux-x86_64-fedora-gcc 1.0-3 347.24 NOTE
r-devel-windows-x86_64-new-UL 1.0-3 78.00 324.00 402.00 OK
r-devel-windows-x86_64-new-TK 1.0-3 NOTE
r-devel-windows-x86_64-old 1.0-3 61.00 240.00 301.00 OK
r-patched-linux-x86_64 1.0-3 52.42 234.33 286.75 OK
r-release-linux-x86_64 1.0-3 40.00 242.57 282.57 OK
r-release-macos-arm64 1.0-3 NOTE
r-release-macos-x86_64 1.0-3 NOTE
r-release-windows-ix86+x86_64 1.0-3 83.00 306.00 389.00 OK
r-oldrel-macos-x86_64 1.0-3 NOTE
r-oldrel-windows-ix86+x86_64 1.0-3 86.00 320.00 406.00 OK

Check Details

Version: 1.0-3
Check: dependencies in R code
Result: NOTE
    Namespace in Imports field not imported from: ‘grDevices’
     All declared Imports should be used.
Flavors: r-devel-linux-x86_64-fedora-clang, r-devel-linux-x86_64-fedora-gcc, r-devel-windows-x86_64-new-TK, r-release-macos-arm64, r-release-macos-x86_64, r-oldrel-macos-x86_64