CRAN Package Check Results for Package chartql

Last updated on 2024-07-15 10:49:35 CEST.

Flavor Version Tinstall Tcheck Ttotal Status Flags
r-devel-linux-x86_64-debian-clang 0.1.0 4.84 49.97 54.81 NOTE
r-devel-linux-x86_64-debian-gcc 0.1.0 4.50 39.13 43.63 NOTE
r-devel-linux-x86_64-fedora-clang 0.1.0 71.37 NOTE
r-devel-linux-x86_64-fedora-gcc 0.1.0 67.47 NOTE
r-devel-windows-x86_64 0.1.0 7.00 56.00 63.00 NOTE
r-patched-linux-x86_64 0.1.0 5.40 48.74 54.14 NOTE
r-release-linux-x86_64 0.1.0 5.55 49.46 55.01 NOTE
r-release-macos-arm64 0.1.0 23.00 NOTE
r-release-macos-x86_64 0.1.0 35.00 NOTE
r-release-windows-x86_64 0.1.0 7.00 58.00 65.00 NOTE
r-oldrel-macos-arm64 0.1.0 25.00 NOTE
r-oldrel-macos-x86_64 0.1.0 35.00 NOTE
r-oldrel-windows-x86_64 0.1.0 7.00 64.00 71.00 NOTE

Check Details

Version: 0.1.0
Check: Rd files
Result: NOTE checkRd: (-1) cql.Rd:28: Lost braces; missing escapes or markup? 28 | {X} \code{<x_var>, <(x_facet)>}: \tab\tab\tab\tab X-axis variable. May include a second categorical\cr | ^ checkRd: (-1) cql.Rd:30: Lost braces; missing escapes or markup? 30 | {Y} \code{<y_var>}: \tab\tab\tab\tab Y-axis variable. *Not used for \code{hist}.\cr | ^ checkRd: (-1) cql.Rd:38: Lost braces; missing escapes or markup? 38 | {Y_label} \code{'<ylab>'}: \tab\tab\tab\tab Y-axis custom label. Defaults to <y_var>\cr | ^ checkRd: (-1) cql.Rd:39: Lost braces; missing escapes or markup? 39 | {Legend} \code{'<legend>'}: \tab\tab\tab\tab Legend custom label. Defaults to <x_category>\cr | ^ checkRd: (-1) cql.Rd:40: Lost braces; missing escapes or markup? 40 | {Colorset} \code{'<clist>'}: \tab\tab\tab\tab Custom set of colors for <x_category> levels.\cr | ^ checkRd: (-1) cql.Rd:42: Lost braces; missing escapes or markup? 42 | {AggFunc} \code{'<func>'}: \tab\tab\tab\tab Summary function for \code{bar} type.\cr | ^ checkRd: (-1) cql.Rd:45: Lost braces; missing escapes or markup? 45 | {Fit} \code{'<show_se>'}: \tab\tab\tab\tab Valid types: \code{true|false}. Fit quadratic line.\cr | ^ checkRd: (-1) cql.Rd:47: Lost braces; missing escapes or markup? 47 | {ConfInt} \code{'<interval>'}: \tab\tab\tab\tab Show error bars. Value is confidence interval value. E.g. '.95' | ^ Flavors: r-devel-linux-x86_64-debian-clang, r-devel-linux-x86_64-debian-gcc, r-devel-linux-x86_64-fedora-clang, r-devel-linux-x86_64-fedora-gcc, r-devel-windows-x86_64, r-patched-linux-x86_64, r-release-linux-x86_64, r-release-macos-arm64, r-release-macos-x86_64, r-release-windows-x86_64

Version: 0.1.0
Check: LazyData
Result: NOTE 'LazyData' is specified without a 'data' directory Flavors: r-devel-linux-x86_64-debian-clang, r-devel-linux-x86_64-debian-gcc, r-devel-linux-x86_64-fedora-clang, r-devel-linux-x86_64-fedora-gcc, r-devel-windows-x86_64, r-patched-linux-x86_64, r-release-linux-x86_64, r-release-macos-arm64, r-release-macos-x86_64, r-release-windows-x86_64, r-oldrel-macos-arm64, r-oldrel-macos-x86_64, r-oldrel-windows-x86_64