CRAN Package Check Results for Package checkarg

Last updated on 2021-08-05 18:52:44 CEST.

Flavor Version Tinstall Tcheck Ttotal Status Flags
r-devel-linux-x86_64-debian-clang 0.1.0 10.79 81.47 92.26 NOTE
r-devel-linux-x86_64-debian-gcc 0.1.0 8.19 63.63 71.82 NOTE
r-devel-linux-x86_64-fedora-clang 0.1.0 120.97 NOTE
r-devel-linux-x86_64-fedora-gcc 0.1.0 109.94 NOTE
r-devel-windows-x86_64 0.1.0 17.00 113.00 130.00 NOTE
r-devel-windows-x86_64-gcc10-UCRT 0.1.0 NOTE
r-patched-linux-x86_64 0.1.0 15.37 78.25 93.62 NOTE
r-patched-solaris-x86 0.1.0 127.80 NOTE
r-release-linux-x86_64 0.1.0 9.62 79.88 89.50 NOTE
r-release-macos-arm64 0.1.0 NOTE
r-release-macos-x86_64 0.1.0 NOTE
r-release-windows-ix86+x86_64 0.1.0 14.00 94.00 108.00 NOTE
r-oldrel-macos-x86_64 0.1.0 OK
r-oldrel-windows-ix86+x86_64 0.1.0 16.00 88.00 104.00 OK

Check Details

Version: 0.1.0
Check: LazyData
Result: NOTE
     'LazyData' is specified without a 'data' directory
Flavors: r-devel-linux-x86_64-debian-clang, r-devel-linux-x86_64-debian-gcc, r-devel-linux-x86_64-fedora-clang, r-devel-linux-x86_64-fedora-gcc, r-devel-windows-x86_64, r-devel-windows-x86_64-gcc10-UCRT, r-patched-linux-x86_64, r-patched-solaris-x86, r-release-linux-x86_64, r-release-macos-arm64, r-release-macos-x86_64, r-release-windows-ix86+x86_64