CRAN Package Check Results for Package chest

Last updated on 2021-07-29 01:49:10 CEST.

Flavor Version Tinstall Tcheck Ttotal Status Flags
r-devel-linux-x86_64-debian-clang 0.3.5 OK
r-devel-linux-x86_64-debian-gcc 0.3.5 9.35 117.57 126.92 OK
r-devel-linux-x86_64-fedora-clang 0.3.5 206.20 NOTE
r-devel-linux-x86_64-fedora-gcc 0.3.5 194.27 NOTE
r-devel-windows-x86_64 0.3.5 19.00 192.00 211.00 OK
r-devel-windows-x86_64-gcc10-UCRT 0.3.5 NOTE
r-patched-linux-x86_64 0.3.5 11.09 147.30 158.39 OK
r-patched-solaris-x86 0.3.5 268.70 NOTE
r-release-linux-x86_64 0.3.5 9.72 148.22 157.94 OK
r-release-macos-arm64 0.3.5 WARN
r-release-macos-x86_64 0.3.5 NOTE
r-release-windows-ix86+x86_64 0.3.5 24.00 182.00 206.00 OK
r-oldrel-macos-x86_64 0.3.5 NOTE
r-oldrel-windows-ix86+x86_64 0.3.5 24.00 197.00 221.00 OK

Check Details

Version: 0.3.5
Check: dependencies in R code
Result: NOTE
    Namespace in Imports field not imported from: ‘generics’
     All declared Imports should be used.
Flavors: r-devel-linux-x86_64-fedora-clang, r-devel-linux-x86_64-fedora-gcc, r-devel-windows-x86_64-gcc10-UCRT, r-patched-solaris-x86, r-release-macos-arm64, r-release-macos-x86_64, r-oldrel-macos-x86_64

Version: 0.3.5
Check: re-building of vignette outputs
Result: WARN
    Error(s) in re-building vignettes:
     ...
    --- re-building ‘chest-vignette.Rmd’ using rmarkdown
    Warning in engine$weave(file, quiet = quiet, encoding = enc) :
     Pandoc (>= 1.12.3) not available. Falling back to R Markdown v1.
    Quitting from lines 60-65 (chest-vignette.Rmd)
    Error: processing vignette 'chest-vignette.Rmd' failed with diagnostics:
    polygon edge not found
    --- failed re-building ‘chest-vignette.Rmd’
    
    SUMMARY: processing the following file failed:
     ‘chest-vignette.Rmd’
    
    Error: Vignette re-building failed.
    Execution halted
Flavor: r-release-macos-arm64