CRAN Package Check Results for Package chromseq

Last updated on 2024-06-15 04:48:40 CEST.

Flavor Version Tinstall Tcheck Ttotal Status Flags
r-devel-linux-x86_64-debian-clang 0.1.3 2.46 22.53 24.99 OK
r-devel-linux-x86_64-debian-gcc 0.1.3 1.75 17.59 19.34 OK
r-devel-linux-x86_64-fedora-clang 0.1.3 31.39 NOTE
r-devel-linux-x86_64-fedora-gcc 0.1.3 30.14 NOTE
r-devel-windows-x86_64 0.1.3 3.00 39.00 42.00 OK
r-patched-linux-x86_64 0.1.3 2.07 22.37 24.44 OK
r-release-linux-x86_64 0.1.3 2.29 21.99 24.28 OK
r-release-macos-arm64 0.1.3 13.00 OK
r-release-macos-x86_64 0.1.3 22.00 OK
r-release-windows-x86_64 0.1.3 3.00 39.00 42.00 OK
r-oldrel-macos-arm64 0.1.3 13.00 OK
r-oldrel-macos-x86_64 0.1.3 19.00 OK
r-oldrel-windows-x86_64 0.1.3 3.00 39.00 42.00 OK

Check Details

Version: 0.1.3
Check: dependencies in R code
Result: NOTE Namespace in Imports field not imported from: ‘base’ All declared Imports should be used. Flavors: r-devel-linux-x86_64-fedora-clang, r-devel-linux-x86_64-fedora-gcc