CRAN Package Check Results for Package chronicle

Last updated on 2023-09-28 10:56:40 CEST.

Flavor Version Tinstall Tcheck Ttotal Status Flags
r-devel-linux-x86_64-debian-clang 0.3 5.84 72.82 78.66 OK
r-devel-linux-x86_64-debian-gcc 0.3 4.30 52.70 57.00 OK
r-devel-linux-x86_64-fedora-clang 0.3 95.01 NOTE
r-devel-linux-x86_64-fedora-gcc 0.3 103.80 NOTE
r-devel-windows-x86_64 0.3 7.00 79.00 86.00 OK
r-patched-linux-x86_64 0.3 5.43 68.03 73.46 OK
r-release-linux-x86_64 0.3 6.68 68.32 75.00 OK
r-release-macos-arm64 0.3 37.00 OK
r-release-macos-x86_64 0.3 50.00 OK
r-release-windows-x86_64 0.3 10.00 90.00 100.00 OK
r-oldrel-macos-arm64 0.3 32.00 NOTE
r-oldrel-macos-x86_64 0.3 51.00 NOTE
r-oldrel-windows-x86_64 0.3 9.00 89.00 98.00 OK

Check Details

Version: 0.3
Check: dependencies in R code
Result: NOTE
    Namespaces in Imports field not imported from:
     ‘DT’ ‘dplyr’ ‘prettydoc’ ‘rmdformats’ ‘skimr’
     All declared Imports should be used.
Flavors: r-devel-linux-x86_64-fedora-clang, r-devel-linux-x86_64-fedora-gcc, r-oldrel-macos-arm64, r-oldrel-macos-x86_64