CRAN Package Check Results for Package ckanr

Last updated on 2021-09-24 01:50:00 CEST.

Flavor Version Tinstall Tcheck Ttotal Status Flags
r-devel-linux-x86_64-debian-clang 0.6.0 9.04 74.05 83.09 NOTE
r-devel-linux-x86_64-debian-gcc 0.6.0 6.91 55.19 62.10 NOTE
r-devel-linux-x86_64-fedora-clang 0.6.0 109.21 NOTE
r-devel-linux-x86_64-fedora-gcc 0.6.0 94.49 NOTE
r-devel-windows-x86_64 0.6.0 13.00 73.00 86.00 NOTE
r-devel-windows-x86_64-gcc10-UCRT 0.6.0 NOTE
r-patched-linux-x86_64 0.6.0 10.11 69.29 79.40 NOTE
r-patched-solaris-x86 0.6.0 131.90 NOTE
r-release-linux-x86_64 0.6.0 8.04 69.85 77.89 NOTE
r-release-macos-arm64 0.6.0 NOTE
r-release-macos-x86_64 0.6.0 NOTE
r-release-windows-ix86+x86_64 0.6.0 19.00 72.00 91.00 NOTE
r-oldrel-macos-x86_64 0.6.0 OK
r-oldrel-windows-ix86+x86_64 0.6.0 15.00 78.00 93.00 OK

Check Details

Version: 0.6.0
Check: LazyData
Result: NOTE
     'LazyData' is specified without a 'data' directory
Flavors: r-devel-linux-x86_64-debian-clang, r-devel-linux-x86_64-debian-gcc, r-devel-linux-x86_64-fedora-clang, r-devel-linux-x86_64-fedora-gcc, r-devel-windows-x86_64, r-devel-windows-x86_64-gcc10-UCRT, r-patched-linux-x86_64, r-patched-solaris-x86, r-release-linux-x86_64, r-release-macos-arm64, r-release-macos-x86_64, r-release-windows-ix86+x86_64