CRAN Package Check Results for Package classifierplots

Last updated on 2021-09-25 07:49:29 CEST.

Flavor Version Tinstall Tcheck Ttotal Status Flags
r-devel-linux-x86_64-debian-clang 1.4.0 14.24 121.90 136.14 OK
r-devel-linux-x86_64-debian-gcc 1.4.0 11.95 90.88 102.83 OK
r-devel-linux-x86_64-fedora-clang 1.4.0 171.76 NOTE
r-devel-linux-x86_64-fedora-gcc 1.4.0 157.46 NOTE
r-devel-windows-x86_64 1.4.0 17.00 104.00 121.00 OK
r-devel-windows-x86_64-gcc10-UCRT 1.4.0 NOTE
r-patched-linux-x86_64 1.4.0 13.34 112.30 125.64 OK
r-patched-solaris-x86 1.4.0 227.50 NOTE
r-release-linux-x86_64 1.4.0 13.20 113.65 126.85 OK
r-release-macos-arm64 1.4.0 NOTE
r-release-macos-x86_64 1.4.0 NOTE
r-release-windows-ix86+x86_64 1.4.0 35.00 106.00 141.00 OK
r-oldrel-macos-x86_64 1.4.0 NOTE
r-oldrel-windows-ix86+x86_64 1.4.0 23.00 111.00 134.00 OK

Check Details

Version: 1.4.0
Check: dependencies in R code
Result: NOTE
    Namespace in Imports field not imported from: ‘Rcpp’
     All declared Imports should be used.
Flavors: r-devel-linux-x86_64-fedora-clang, r-devel-linux-x86_64-fedora-gcc, r-devel-windows-x86_64-gcc10-UCRT, r-patched-solaris-x86, r-release-macos-arm64, r-release-macos-x86_64, r-oldrel-macos-x86_64