CRAN Package Check Results for Package clespr

Last updated on 2022-01-24 15:54:06 CET.

Flavor Version Tinstall Tcheck Ttotal Status Flags
r-devel-linux-x86_64-debian-clang 1.1.2 10.65 83.16 93.81 NOTE
r-devel-linux-x86_64-debian-gcc 1.1.2 7.62 63.40 71.02 NOTE
r-devel-linux-x86_64-fedora-clang 1.1.2 114.94 NOTE
r-devel-linux-x86_64-fedora-gcc 1.1.2 104.21 NOTE
r-devel-windows-x86_64-new-UL 1.1.2 17.00 109.00 126.00 NOTE
r-devel-windows-x86_64-new-TK 1.1.2 ERROR
r-patched-linux-x86_64 1.1.2 8.91 80.20 89.11 NOTE
r-release-linux-x86_64 1.1.2 7.86 80.40 88.26 NOTE
r-release-macos-arm64 1.1.2 NOTE
r-release-macos-x86_64 1.1.2 NOTE
r-release-windows-ix86+x86_64 1.1.2 22.00 98.00 120.00 NOTE
r-oldrel-macos-x86_64 1.1.2 OK
r-oldrel-windows-ix86+x86_64 1.1.2 21.00 96.00 117.00 OK

Check Details

Version: 1.1.2
Check: LazyData
Result: NOTE
     'LazyData' is specified without a 'data' directory
Flavors: r-devel-linux-x86_64-debian-clang, r-devel-linux-x86_64-debian-gcc, r-devel-linux-x86_64-fedora-clang, r-devel-linux-x86_64-fedora-gcc, r-devel-windows-x86_64-new-UL, r-patched-linux-x86_64, r-release-linux-x86_64, r-release-macos-arm64, r-release-macos-x86_64, r-release-windows-ix86+x86_64

Version: 1.1.2
Check: package dependencies
Result: ERROR
    Package required but not available: 'AER'
    
    See section 'The DESCRIPTION file' in the 'Writing R Extensions'
    manual.
Flavor: r-devel-windows-x86_64-new-TK