CRAN Package Check Results for Package cli

Last updated on 2021-11-27 00:51:26 CET.

Flavor Version Tinstall Tcheck Ttotal Status Flags
r-devel-linux-x86_64-debian-clang 3.1.0 15.28 101.11 116.39 OK
r-devel-linux-x86_64-debian-gcc 3.1.0 12.21 79.57 91.78 OK
r-devel-linux-x86_64-fedora-clang 3.1.0 167.37 OK
r-devel-linux-x86_64-fedora-gcc 3.1.0 142.58 OK
r-devel-windows-x86_64-new-UL 3.1.0 74.00 157.00 231.00 OK
r-devel-windows-x86_64-new-TK 3.1.0 OK
r-devel-windows-x86_64-old 3.1.0 34.00 121.00 155.00 OK
r-patched-linux-x86_64 3.1.0 16.95 102.64 119.59 OK
r-patched-solaris-x86 3.1.0 184.20 OK
r-release-linux-x86_64 3.1.0 OK
r-release-macos-arm64 3.1.0 OK
r-release-macos-x86_64 3.1.0 OK
r-release-windows-ix86+x86_64 3.1.0 57.00 176.00 233.00 OK
r-oldrel-macos-x86_64 3.1.0 OK
r-oldrel-windows-ix86+x86_64 3.1.0 46.00 411.00 457.00 ERROR

Check Details

Version: 3.1.0
Check: running tests for arch ‘i386’
Result: ERROR
     Running 'testthat.R' [64s]
    Running the tests in 'tests/testthat.R' failed.
    Complete output:
     > library(testthat)
     > library(cli)
     >
     > test_check("cli")
     <1b>[?25l<1b>[?25h<1b>[?25l<1b>[?25h<1b>[?25l<1b>[?25h<1b>[?25l<1b>[?25h<1b>[?25l<1b>[?25h<1b>[?25l<1b>[?25h<1b>[?25l<1b>[?25h<1b>[?25l<1b>[?25h<1b>[?25l<1b>[?25h<1b>[?25l<1b>[?25h<1b>[?25l<1b>[?25h<1b>[?25l<1b>[?25hstdout:]
    
     stderr:]
    
     stdout:]
    
     stderr:]
    
     stdout:]
    
     stderr:]
    
     stdout:]
    
     stderr:]
    
     == Skipped tests ===============================================================
     * On CRAN (239)
     * On Windows (1)
     * Temporarily defunct (1)
     * non utf8 locale (92)
    
     == Failed tests ================================================================
     -- Error (test-subprocess.R:13:3): events are properly generated ---------------
     <rlib_error_2_0/rlib_error/error/condition>
     Error in `rs_init(self, private, super, options, wait, wait_timeout)`: Could not start R session, timed out
     Backtrace:
     x
     1. \-callr::r_session$new() test-subprocess.R:13:2
     2. \-callr:::initialize(...)
     3. \-callr:::rs_init(self, private, super, options, wait, wait_timeout)
     4. \-throw(new_error("Could not start R session, timed out"))
     -- Error (test-subprocess.R:52:3): subprocess with default handler -------------
     <rlib_error_2_0/rlib_error/error/condition>
     Error in `rs_init(self, private, super, options, wait, wait_timeout)`: Could not start R session, timed out
     Backtrace:
     x
     1. \-callr::r_session$new() test-subprocess.R:52:2
     2. \-callr:::initialize(...)
     3. \-callr:::rs_init(self, private, super, options, wait, wait_timeout)
     4. \-throw(new_error("Could not start R session, timed out"))
     -- Error (test-subprocess.R:106:3): output in child process --------------------
     <rlib_error_2_0/rlib_error/error/condition>
     Error in `rs_init(self, private, super, options, wait, wait_timeout)`: Could not start R session, timed out
     Backtrace:
     x
     1. \-callr::r_session$new() test-subprocess.R:106:2
     2. \-callr:::initialize(...)
     3. \-callr:::rs_init(self, private, super, options, wait, wait_timeout)
     4. \-throw(new_error("Could not start R session, timed out"))
     -- Error (test-subprocess.R:142:3): substitution in child process --------------
     <rlib_error_2_0/rlib_error/error/condition>
     Error in `rs_init(self, private, super, options, wait, wait_timeout)`: Could not start R session, timed out
     Backtrace:
     x
     1. \-callr::r_session$new() test-subprocess.R:142:2
     2. \-callr:::initialize(...)
     3. \-callr:::rs_init(self, private, super, options, wait, wait_timeout)
     4. \-throw(new_error("Could not start R session, timed out"))
    
     [ FAIL 4 | WARN 0 | SKIP 333 | PASS 1281 ]
     Deleting unused snapshots:
     * utf8/utf8-output.txt
     Error: Test failures
     Execution halted
Flavor: r-oldrel-windows-ix86+x86_64

Version: 3.1.0
Check: running tests for arch ‘x64’
Result: ERROR
     Running 'testthat.R' [83s]
    Running the tests in 'tests/testthat.R' failed.
    Complete output:
     > library(testthat)
     > library(cli)
     >
     > test_check("cli")
     <1b>[?25l<1b>[?25h<1b>[?25l<1b>[?25h<1b>[?25l<1b>[?25h<1b>[?25l<1b>[?25h<1b>[?25l<1b>[?25h<1b>[?25l<1b>[?25h<1b>[?25l<1b>[?25h<1b>[?25l<1b>[?25h<1b>[?25l<1b>[?25h<1b>[?25l<1b>[?25h<1b>[?25l<1b>[?25h<1b>[?25l<1b>[?25hstdout:]
    
     stderr:]
    
     stdout:]
    
     stderr:]
    
     stdout:]
    
     stderr:]
    
     stdout:]
    
     stderr:]
    
     == Skipped tests ===============================================================
     * On CRAN (239)
     * On Windows (1)
     * Temporarily defunct (1)
     * non utf8 locale (92)
    
     == Failed tests ================================================================
     -- Error (test-subprocess.R:13:3): events are properly generated ---------------
     <rlib_error_2_0/rlib_error/error/condition>
     Error in `rs_init(self, private, super, options, wait, wait_timeout)`: Could not start R session, timed out
     Backtrace:
     x
     1. \-callr::r_session$new() test-subprocess.R:13:2
     2. \-callr:::initialize(...)
     3. \-callr:::rs_init(self, private, super, options, wait, wait_timeout)
     4. \-throw(new_error("Could not start R session, timed out"))
     -- Error (test-subprocess.R:52:3): subprocess with default handler -------------
     <rlib_error_2_0/rlib_error/error/condition>
     Error in `rs_init(self, private, super, options, wait, wait_timeout)`: Could not start R session, timed out
     Backtrace:
     x
     1. \-callr::r_session$new() test-subprocess.R:52:2
     2. \-callr:::initialize(...)
     3. \-callr:::rs_init(self, private, super, options, wait, wait_timeout)
     4. \-throw(new_error("Could not start R session, timed out"))
     -- Error (test-subprocess.R:106:3): output in child process --------------------
     <rlib_error_2_0/rlib_error/error/condition>
     Error in `rs_init(self, private, super, options, wait, wait_timeout)`: Could not start R session, timed out
     Backtrace:
     x
     1. \-callr::r_session$new() test-subprocess.R:106:2
     2. \-callr:::initialize(...)
     3. \-callr:::rs_init(self, private, super, options, wait, wait_timeout)
     4. \-throw(new_error("Could not start R session, timed out"))
     -- Error (test-subprocess.R:142:3): substitution in child process --------------
     <rlib_error_2_0/rlib_error/error/condition>
     Error in `rs_init(self, private, super, options, wait, wait_timeout)`: Could not start R session, timed out
     Backtrace:
     x
     1. \-callr::r_session$new() test-subprocess.R:142:2
     2. \-callr:::initialize(...)
     3. \-callr:::rs_init(self, private, super, options, wait, wait_timeout)
     4. \-throw(new_error("Could not start R session, timed out"))
    
     [ FAIL 4 | WARN 0 | SKIP 333 | PASS 1281 ]
     Deleting unused snapshots:
     * utf8/utf8-output.txt
     Error: Test failures
     Execution halted
Flavor: r-oldrel-windows-ix86+x86_64