CRAN Package Check Results for Package cliapp

Last updated on 2024-02-24 09:50:23 CET.

Flavor Version Tinstall Tcheck Ttotal Status Flags
r-devel-linux-x86_64-debian-clang 0.1.1 4.53 178.84 183.37 NOTE
r-devel-linux-x86_64-debian-gcc 0.1.1 4.68 136.66 141.34 NOTE
r-devel-linux-x86_64-fedora-clang 0.1.1 235.71 NOTE
r-devel-linux-x86_64-fedora-gcc 0.1.1 229.34 NOTE
r-devel-windows-x86_64 0.1.1 7.00 123.00 130.00 NOTE
r-patched-linux-x86_64 0.1.1 5.75 177.10 182.85 NOTE
r-release-linux-x86_64 0.1.1 6.77 174.65 181.42 NOTE
r-release-macos-arm64 0.1.1 66.00 NOTE
r-release-macos-x86_64 0.1.1 110.00 NOTE
r-release-windows-x86_64 0.1.1 7.00 161.00 168.00 NOTE
r-oldrel-macos-arm64 0.1.1 48.00 NOTE
r-oldrel-windows-x86_64 0.1.1 9.00 158.00 167.00 NOTE

Check Details

Version: 0.1.1
Check: LazyData
Result: NOTE 'LazyData' is specified without a 'data' directory Flavors: r-devel-linux-x86_64-debian-clang, r-devel-linux-x86_64-debian-gcc, r-devel-linux-x86_64-fedora-clang, r-devel-linux-x86_64-fedora-gcc, r-devel-windows-x86_64, r-patched-linux-x86_64, r-release-linux-x86_64, r-release-macos-arm64, r-release-macos-x86_64, r-release-windows-x86_64, r-oldrel-macos-arm64, r-oldrel-windows-x86_64