CRAN Package Check Results for Package clifford

Last updated on 2021-09-25 04:57:31 CEST.

Flavor Version Tinstall Tcheck Ttotal Status Flags
r-devel-linux-x86_64-debian-clang 1.0-2 25.04 84.08 109.12 NOTE
r-devel-linux-x86_64-debian-gcc 1.0-2 15.60 63.91 79.51 NOTE
r-devel-linux-x86_64-fedora-clang 1.0-2 142.32 NOTE
r-devel-linux-x86_64-fedora-gcc 1.0-2 125.40 NOTE
r-devel-windows-x86_64 1.0-2 28.00 93.00 121.00 NOTE
r-devel-windows-x86_64-gcc10-UCRT 1.0-2 NOTE
r-patched-linux-x86_64 1.0-2 20.89 81.61 102.50 NOTE
r-patched-solaris-x86 1.0-2 181.30 NOTE
r-release-linux-x86_64 1.0-2 18.93 81.89 100.82 NOTE
r-release-macos-arm64 1.0-2 NOTE
r-release-macos-x86_64 1.0-2 NOTE
r-release-windows-ix86+x86_64 1.0-2 55.00 138.00 193.00 NOTE
r-oldrel-macos-x86_64 1.0-2 OK
r-oldrel-windows-ix86+x86_64 1.0-2 77.00 145.00 222.00 OK

Check Details

Version: 1.0-2
Check: LazyData
Result: NOTE
     'LazyData' is specified without a 'data' directory
Flavors: r-devel-linux-x86_64-debian-clang, r-devel-linux-x86_64-debian-gcc, r-devel-linux-x86_64-fedora-clang, r-devel-linux-x86_64-fedora-gcc, r-devel-windows-x86_64, r-devel-windows-x86_64-gcc10-UCRT, r-patched-linux-x86_64, r-patched-solaris-x86, r-release-linux-x86_64, r-release-macos-arm64, r-release-macos-x86_64, r-release-windows-ix86+x86_64