CRAN Package Check Results for Package clogitboost

Last updated on 2021-09-21 01:49:58 CEST.

Flavor Version Tinstall Tcheck Ttotal Status Flags
r-devel-linux-x86_64-debian-clang 1.1 17.85 44.14 61.99 OK
r-devel-linux-x86_64-debian-gcc 1.1 11.56 32.32 43.88 OK
r-devel-linux-x86_64-fedora-clang 1.1 88.18 NOTE
r-devel-linux-x86_64-fedora-gcc 1.1 73.57 NOTE
r-devel-windows-x86_64 1.1 19.00 61.00 80.00 OK
r-devel-windows-x86_64-gcc10-UCRT 1.1 ERROR
r-patched-linux-x86_64 1.1 13.62 41.80 55.42 OK
r-patched-solaris-x86 1.1 97.80 OK
r-release-linux-x86_64 1.1 14.12 42.06 56.18 OK
r-release-macos-arm64 1.1 OK
r-release-macos-x86_64 1.1 OK
r-release-windows-ix86+x86_64 1.1 44.00 92.00 136.00 OK
r-oldrel-macos-x86_64 1.1 OK
r-oldrel-windows-ix86+x86_64 1.1 44.00 95.00 139.00 OK

Check Details

Version: 1.1
Check: compiled code
Result: NOTE
    File ‘clogitboost/libs/clogitboost.so’:
     Found no calls to: ‘R_registerRoutines’, ‘R_useDynamicSymbols’
    
    It is good practice to register native routines and to disable symbol
    search.
    
    See ‘Writing portable packages’ in the ‘Writing R Extensions’ manual.
Flavors: r-devel-linux-x86_64-fedora-clang, r-devel-linux-x86_64-fedora-gcc

Version: 1.1
Check: whether package can be installed
Result: ERROR
    Installation failed.
Flavor: r-devel-windows-x86_64-gcc10-UCRT