CRAN Package Check Results for Package clordr

Last updated on 2021-12-04 06:50:50 CET.

Flavor Version Tinstall Tcheck Ttotal Status Flags
r-devel-linux-x86_64-debian-clang 1.6.0 3.37 34.37 37.74 NOTE
r-devel-linux-x86_64-debian-gcc 1.6.0 2.10 27.51 29.61 NOTE
r-devel-linux-x86_64-fedora-clang 1.6.0 47.35 NOTE
r-devel-linux-x86_64-fedora-gcc 1.6.0 35.81 NOTE
r-devel-windows-x86_64-new-UL 1.6.0 7.00 60.00 67.00 NOTE
r-devel-windows-x86_64-new-TK 1.6.0 NOTE
r-devel-windows-x86_64-old 1.6.0 6.00 32.00 38.00 NOTE
r-patched-linux-x86_64 1.6.0 3.02 25.33 28.35 NOTE
r-release-linux-x86_64 1.6.0 3.32 25.26 28.58 NOTE
r-release-macos-arm64 1.6.0 NOTE
r-release-macos-x86_64 1.6.0 NOTE
r-release-windows-ix86+x86_64 1.6.0 7.00 43.00 50.00 NOTE
r-oldrel-macos-x86_64 1.6.0 OK
r-oldrel-windows-ix86+x86_64 1.6.0 8.00 46.00 54.00 OK

Check Details

Version: 1.6.0
Check: LazyData
Result: NOTE
     'LazyData' is specified without a 'data' directory
Flavors: r-devel-linux-x86_64-debian-clang, r-devel-linux-x86_64-debian-gcc, r-devel-linux-x86_64-fedora-clang, r-devel-linux-x86_64-fedora-gcc, r-devel-windows-x86_64-new-UL, r-devel-windows-x86_64-new-TK, r-devel-windows-x86_64-old, r-patched-linux-x86_64, r-release-linux-x86_64, r-release-macos-arm64, r-release-macos-x86_64, r-release-windows-ix86+x86_64