CRAN Package Check Results for Package cloudml

Last updated on 2021-12-09 00:51:35 CET.

Flavor Version Tinstall Tcheck Ttotal Status Flags
r-devel-linux-x86_64-debian-clang 0.6.1 4.67 46.33 51.00 NOTE
r-devel-linux-x86_64-debian-gcc 0.6.1 3.60 36.22 39.82 NOTE
r-devel-linux-x86_64-fedora-clang 0.6.1 63.70 NOTE
r-devel-linux-x86_64-fedora-gcc 0.6.1 51.13 NOTE
r-devel-windows-x86_64-new-UL 0.6.1 15.00 89.00 104.00 NOTE
r-devel-windows-x86_64-new-TK 0.6.1 NOTE
r-devel-windows-x86_64-old 0.6.1 7.00 68.00 75.00 NOTE
r-patched-linux-x86_64 0.6.1 6.75 42.43 49.18 NOTE
r-release-linux-x86_64 0.6.1 3.61 41.77 45.38 NOTE
r-release-macos-arm64 0.6.1 NOTE
r-release-macos-x86_64 0.6.1 NOTE
r-release-windows-ix86+x86_64 0.6.1 8.00 49.00 57.00 NOTE
r-oldrel-macos-x86_64 0.6.1 OK
r-oldrel-windows-ix86+x86_64 0.6.1 9.00 56.00 65.00 OK

Check Details

Version: 0.6.1
Check: LazyData
Result: NOTE
     'LazyData' is specified without a 'data' directory
Flavors: r-devel-linux-x86_64-debian-clang, r-devel-linux-x86_64-debian-gcc, r-devel-linux-x86_64-fedora-clang, r-devel-linux-x86_64-fedora-gcc, r-devel-windows-x86_64-new-UL, r-devel-windows-x86_64-new-TK, r-devel-windows-x86_64-old, r-patched-linux-x86_64, r-release-linux-x86_64, r-release-macos-arm64, r-release-macos-x86_64, r-release-windows-ix86+x86_64