CRAN Package Check Results for Package clusterhap

Last updated on 2021-08-05 16:49:03 CEST.

Flavor Version Tinstall Tcheck Ttotal Status Flags
r-devel-linux-x86_64-debian-clang 0.1 2.05 55.49 57.54 NOTE
r-devel-linux-x86_64-debian-gcc 0.1 1.48 39.17 40.65 NOTE
r-devel-linux-x86_64-fedora-clang 0.1 74.95 NOTE
r-devel-linux-x86_64-fedora-gcc 0.1 64.49 NOTE
r-devel-windows-x86_64 0.1 4.00 75.00 79.00 OK
r-devel-windows-x86_64-gcc10-UCRT 0.1 NOTE
r-patched-linux-x86_64 0.1 1.88 52.86 54.74 NOTE
r-patched-solaris-x86 0.1 86.40 NOTE
r-release-linux-x86_64 0.1 1.69 52.22 53.91 NOTE
r-release-macos-arm64 0.1 OK
r-release-macos-x86_64 0.1 OK
r-release-windows-ix86+x86_64 0.1 5.00 74.00 79.00 OK
r-oldrel-macos-x86_64 0.1 OK
r-oldrel-windows-ix86+x86_64 0.1 4.00 77.00 81.00 OK

Check Details

Version: 0.1
Check: for non-standard things in the check directory
Result: NOTE
    Found the following files/directories:
     'clusterhap_reports'
Flavors: r-devel-linux-x86_64-debian-clang, r-devel-linux-x86_64-debian-gcc, r-devel-linux-x86_64-fedora-clang, r-devel-linux-x86_64-fedora-gcc, r-patched-linux-x86_64, r-patched-solaris-x86, r-release-linux-x86_64

Version: 0.1
Check: package dependencies
Result: NOTE
    Package suggested but not available for checking: 'testthat'
Flavor: r-devel-windows-x86_64-gcc10-UCRT