Last updated on 2023-09-28 10:56:40 CEST.
Flavor | Version | Tinstall | Tcheck | Ttotal | Status | Flags |
---|---|---|---|---|---|---|
r-devel-linux-x86_64-debian-clang | 1.1.0 | 68.43 | 579.86 | 648.29 | NOTE | |
r-devel-linux-x86_64-debian-gcc | 1.1.0 | 54.79 | 440.06 | 494.85 | NOTE | |
r-devel-linux-x86_64-fedora-clang | 1.1.0 | 808.53 | NOTE | |||
r-devel-linux-x86_64-fedora-gcc | 1.1.0 | 823.33 | NOTE | |||
r-devel-windows-x86_64 | 1.1.0 | 61.00 | 393.00 | 454.00 | NOTE | |
r-patched-linux-x86_64 | 1.1.0 | 46.15 | 544.69 | 590.84 | NOTE | |
r-release-linux-x86_64 | 1.1.0 | 48.16 | 552.16 | 600.32 | NOTE | |
r-release-macos-arm64 | 1.1.0 | 6.00 | ERROR | |||
r-release-macos-x86_64 | 1.1.0 | 96.00 | ERROR | |||
r-release-windows-x86_64 | 1.1.0 | 83.00 | 527.00 | 610.00 | NOTE | |
r-oldrel-macos-arm64 | 1.1.0 | 215.00 | NOTE | |||
r-oldrel-macos-x86_64 | 1.1.0 | 426.00 | NOTE | |||
r-oldrel-windows-x86_64 | 1.1.0 | 79.00 | 502.00 | 581.00 | NOTE |
Version: 1.1.0
Check: LazyData
Result: NOTE
'LazyData' is specified without a 'data' directory
Flavors: r-devel-linux-x86_64-debian-clang, r-devel-linux-x86_64-debian-gcc, r-devel-linux-x86_64-fedora-clang, r-devel-linux-x86_64-fedora-gcc, r-devel-windows-x86_64, r-patched-linux-x86_64, r-release-linux-x86_64, r-release-windows-x86_64, r-oldrel-macos-arm64, r-oldrel-macos-x86_64, r-oldrel-windows-x86_64
Version: 1.1.0
Check: package dependencies
Result: ERROR
Package required but not available: ‘GSVA’
See section ‘The DESCRIPTION file’ in the ‘Writing R Extensions’
manual.
Flavors: r-release-macos-arm64, r-release-macos-x86_64