CRAN Package Check Results for Package clustermq

Last updated on 2021-09-22 10:51:26 CEST.

Flavor Version Tinstall Tcheck Ttotal Status Flags
r-devel-linux-x86_64-debian-clang 0.8.95.1 41.03 58.67 99.70 NOTE
r-devel-linux-x86_64-debian-gcc 0.8.95.1 29.39 46.57 75.96 NOTE
r-devel-linux-x86_64-fedora-clang 0.8.95.1 142.81 NOTE
r-devel-linux-x86_64-fedora-gcc 0.8.95.1 125.91 NOTE
r-devel-windows-x86_64 0.8.95.1 46.00 66.00 112.00 NOTE
r-devel-windows-x86_64-gcc10-UCRT 0.8.95.1 ERROR
r-patched-linux-x86_64 0.8.95.1 35.33 58.83 94.16 NOTE
r-patched-solaris-x86 0.8.95.1 157.50 NOTE
r-release-linux-x86_64 0.8.95.1 36.06 58.34 94.40 NOTE
r-release-macos-arm64 0.8.95.1 NOTE
r-release-macos-x86_64 0.8.95.1 NOTE
r-release-windows-ix86+x86_64 0.8.95.1 104.00 90.00 194.00 NOTE
r-oldrel-macos-x86_64 0.8.95.1 NOTE
r-oldrel-windows-ix86+x86_64 0.8.95.1 77.00 83.00 160.00 OK

Check Details

Version: 0.8.95.1
Check: LazyData
Result: NOTE
     'LazyData' is specified without a 'data' directory
Flavors: r-devel-linux-x86_64-debian-clang, r-devel-linux-x86_64-debian-gcc, r-devel-linux-x86_64-fedora-clang, r-devel-linux-x86_64-fedora-gcc, r-devel-windows-x86_64, r-patched-linux-x86_64, r-patched-solaris-x86, r-release-linux-x86_64, r-release-macos-arm64, r-release-macos-x86_64, r-release-windows-ix86+x86_64

Version: 0.8.95.1
Check: top-level files
Result: NOTE
    ‘configure’: ‘env bash’ is not portable as bash need not be installed
Flavors: r-devel-linux-x86_64-fedora-clang, r-devel-linux-x86_64-fedora-gcc

Version: 0.8.95.1
Check: dependencies in R code
Result: NOTE
    Namespaces in Imports field not imported from:
     ‘R6’ ‘methods’ ‘purrr’
     All declared Imports should be used.
Flavors: r-devel-linux-x86_64-fedora-clang, r-devel-linux-x86_64-fedora-gcc, r-patched-solaris-x86, r-release-macos-arm64, r-release-macos-x86_64, r-oldrel-macos-x86_64

Version: 0.8.95.1
Check: package dependencies
Result: NOTE
    Packages suggested but not available for checking: 'devtools', 'roxygen2'
Flavor: r-devel-windows-x86_64-gcc10-UCRT

Version: 0.8.95.1
Check: whether package can be installed
Result: ERROR
    Installation failed.
Flavor: r-devel-windows-x86_64-gcc10-UCRT

Version: 0.8.95.1
Check: installed package size
Result: NOTE
     installed size is 16.5Mb
     sub-directories of 1Mb or more:
     libs 15.5Mb
Flavors: r-release-macos-arm64, r-release-macos-x86_64, r-oldrel-macos-x86_64