CRAN Package Check Results for Package clustvarsel

Last updated on 2021-10-16 07:49:01 CEST.

Flavor Version Tinstall Tcheck Ttotal Status Flags
r-devel-linux-x86_64-debian-clang 2.3.4 9.97 83.94 93.91 NOTE
r-devel-linux-x86_64-debian-gcc 2.3.4 8.49 64.72 73.21 NOTE
r-devel-linux-x86_64-fedora-clang 2.3.4 123.88 NOTE
r-devel-linux-x86_64-fedora-gcc 2.3.4 110.72 NOTE
r-devel-windows-x86_64 2.3.4 14.00 79.00 93.00 NOTE --no-vignettes
r-devel-windows-x86_64-gcc10-UCRT 2.3.4 NOTE
r-patched-linux-x86_64 2.3.4 13.82 81.22 95.04 NOTE
r-patched-solaris-x86 2.3.4 162.60 NOTE
r-release-linux-x86_64 2.3.4 10.60 81.53 92.13 NOTE
r-release-macos-arm64 2.3.4 NOTE
r-release-macos-x86_64 2.3.4 NOTE
r-release-windows-ix86+x86_64 2.3.4 22.00 90.00 112.00 NOTE --no-vignettes
r-oldrel-macos-x86_64 2.3.4 OK
r-oldrel-windows-ix86+x86_64 2.3.4 22.00 101.00 123.00 OK --no-vignettes

Check Details

Version: 2.3.4
Check: LazyData
Result: NOTE
     'LazyData' is specified without a 'data' directory
Flavors: r-devel-linux-x86_64-debian-clang, r-devel-linux-x86_64-debian-gcc, r-devel-linux-x86_64-fedora-clang, r-devel-linux-x86_64-fedora-gcc, r-devel-windows-x86_64-gcc10-UCRT, r-patched-linux-x86_64, r-patched-solaris-x86, r-release-linux-x86_64, r-release-macos-arm64, r-release-macos-x86_64

Version: 2.3.4
Flags: --no-vignettes
Check: LazyData
Result: NOTE
     'LazyData' is specified without a 'data' directory
Flavors: r-devel-windows-x86_64, r-release-windows-ix86+x86_64