CRAN Package Check Results for Package cmaes

Last updated on 2021-10-28 10:51:31 CEST.

Flavor Version Tinstall Tcheck Ttotal Status Flags
r-devel-linux-x86_64-debian-clang 1.0-11 2.29 24.74 27.03 NOTE
r-devel-linux-x86_64-debian-gcc 1.0-11 1.83 19.21 21.04 NOTE
r-devel-linux-x86_64-fedora-clang 1.0-11 43.98 NOTE
r-devel-linux-x86_64-fedora-gcc 1.0-11 33.25 NOTE
r-devel-windows-x86_64 1.0-11 4.00 43.00 47.00 NOTE
r-devel-windows-x86_64-gcc10-UCRT 1.0-11 NOTE
r-patched-linux-x86_64 1.0-11 2.23 23.91 26.14 NOTE
r-patched-solaris-x86 1.0-11 48.70 NOTE
r-release-linux-x86_64 1.0-11 2.23 24.06 26.29 NOTE
r-release-macos-arm64 1.0-11 NOTE
r-release-macos-x86_64 1.0-11 NOTE
r-release-windows-ix86+x86_64 1.0-11 5.00 30.00 35.00 NOTE
r-oldrel-macos-x86_64 1.0-11 NOTE
r-oldrel-windows-ix86+x86_64 1.0-11 27.00 31.00 58.00 NOTE

Check Details

Version: 1.0-11
Check: R code for possible problems
Result: NOTE
    cma_es: no visible global function definition for 'rnorm'
    f_rand: no visible global function definition for 'runif'
    Undefined global functions or variables:
     rnorm runif
    Consider adding
     importFrom("stats", "rnorm", "runif")
    to your NAMESPACE file.
Flavors: r-devel-linux-x86_64-debian-clang, r-devel-linux-x86_64-debian-gcc, r-devel-linux-x86_64-fedora-clang, r-devel-linux-x86_64-fedora-gcc, r-devel-windows-x86_64, r-devel-windows-x86_64-gcc10-UCRT, r-patched-linux-x86_64, r-patched-solaris-x86, r-release-linux-x86_64, r-release-macos-arm64, r-release-macos-x86_64, r-release-windows-ix86+x86_64, r-oldrel-macos-x86_64, r-oldrel-windows-ix86+x86_64

Version: 1.0-11
Check: LazyData
Result: NOTE
     'LazyData' is specified without a 'data' directory
Flavors: r-devel-linux-x86_64-debian-clang, r-devel-linux-x86_64-debian-gcc, r-devel-linux-x86_64-fedora-clang, r-devel-linux-x86_64-fedora-gcc, r-devel-windows-x86_64, r-devel-windows-x86_64-gcc10-UCRT, r-patched-linux-x86_64, r-patched-solaris-x86, r-release-linux-x86_64, r-release-macos-arm64, r-release-macos-x86_64, r-release-windows-ix86+x86_64