CRAN Package Check Results for Package cmmr

Last updated on 2021-10-19 07:49:31 CEST.

Flavor Version Tinstall Tcheck Ttotal Status Flags
r-devel-linux-x86_64-debian-clang 0.1.2 2.11 22.88 24.99 NOTE
r-devel-linux-x86_64-debian-gcc 0.1.2 1.68 17.97 19.65 NOTE
r-devel-linux-x86_64-fedora-clang 0.1.2 41.92 NOTE
r-devel-linux-x86_64-fedora-gcc 0.1.2 30.33 NOTE
r-devel-windows-x86_64 0.1.2 5.00 41.00 46.00 NOTE
r-devel-windows-x86_64-gcc10-UCRT 0.1.2 NOTE
r-patched-linux-x86_64 0.1.2 2.11 22.33 24.44 NOTE
r-patched-solaris-x86 0.1.2 47.70 NOTE
r-release-linux-x86_64 0.1.2 1.98 22.55 24.53 NOTE
r-release-macos-arm64 0.1.2 NOTE
r-release-macos-x86_64 0.1.2 NOTE
r-release-windows-ix86+x86_64 0.1.2 4.00 44.00 48.00 NOTE
r-oldrel-macos-x86_64 0.1.2 OK
r-oldrel-windows-ix86+x86_64 0.1.2 5.00 41.00 46.00 OK

Check Details

Version: 0.1.2
Check: LazyData
Result: NOTE
     'LazyData' is specified without a 'data' directory
Flavors: r-devel-linux-x86_64-debian-clang, r-devel-linux-x86_64-debian-gcc, r-devel-linux-x86_64-fedora-clang, r-devel-linux-x86_64-fedora-gcc, r-devel-windows-x86_64, r-devel-windows-x86_64-gcc10-UCRT, r-patched-linux-x86_64, r-patched-solaris-x86, r-release-linux-x86_64, r-release-macos-arm64, r-release-macos-x86_64, r-release-windows-ix86+x86_64