CRAN Package Check Results for Package cmprsk

Last updated on 2021-10-20 01:48:37 CEST.

Flavor Version Tinstall Tcheck Ttotal Status Flags
r-devel-linux-x86_64-debian-clang 2.2-10 9.99 62.46 72.45 OK
r-devel-linux-x86_64-debian-gcc 2.2-10 7.14 49.18 56.32 OK
r-devel-linux-x86_64-fedora-clang 2.2-10 98.55 NOTE
r-devel-linux-x86_64-fedora-gcc 2.2-10 88.16 NOTE
r-devel-windows-x86_64 2.2-10 16.00 85.00 101.00 OK
r-devel-windows-x86_64-gcc10-UCRT 2.2-10 OK
r-patched-linux-x86_64 2.2-10 9.48 60.89 70.37 OK
r-patched-solaris-x86 2.2-10 130.20 OK
r-release-linux-x86_64 2.2-10 9.48 61.78 71.26 OK
r-release-macos-arm64 2.2-10 OK
r-release-macos-x86_64 2.2-10 OK
r-release-windows-ix86+x86_64 2.2-10 18.00 113.00 131.00 OK
r-oldrel-macos-x86_64 2.2-10 OK
r-oldrel-windows-ix86+x86_64 2.2-10 23.00 108.00 131.00 OK

Check Details

Version: 2.2-10
Check: compiled code
Result: NOTE
    File ‘cmprsk/libs/cmprsk.so’:
     Found no calls to: ‘R_registerRoutines’, ‘R_useDynamicSymbols’
    
    It is good practice to register native routines and to disable symbol
    search.
    
    See ‘Writing portable packages’ in the ‘Writing R Extensions’ manual.
Flavors: r-devel-linux-x86_64-fedora-clang, r-devel-linux-x86_64-fedora-gcc