CRAN Package Check Results for Package cmsaf

Last updated on 2021-10-25 10:54:17 CEST.

Flavor Version Tinstall Tcheck Ttotal Status Flags
r-devel-linux-x86_64-debian-clang 3.3.0 2.25 23.66 25.91 WARN
r-devel-linux-x86_64-debian-gcc 3.3.0 2.25 19.18 21.43 WARN
r-devel-linux-x86_64-fedora-clang 3.3.0 42.89 WARN
r-devel-linux-x86_64-fedora-gcc 3.3.0 32.00 WARN
r-devel-windows-x86_64 3.3.0 6.00 43.00 49.00 WARN
r-devel-windows-x86_64-gcc10-UCRT 3.3.0 WARN
r-patched-linux-x86_64 3.3.0 2.44 22.96 25.40 WARN
r-patched-solaris-x86 3.3.0 52.60 WARN
r-release-linux-x86_64 3.3.0 2.60 23.18 25.78 WARN
r-release-macos-arm64 3.2.0 NOTE
r-release-macos-x86_64 3.3.0 NOTE
r-release-windows-ix86+x86_64 3.3.0 6.00 31.00 37.00 WARN
r-oldrel-macos-x86_64 3.3.0 NOTE
r-oldrel-windows-ix86+x86_64 3.3.0 6.00 31.00 37.00 WARN

Check Details

Version: 3.3.0
Check: whether package can be installed
Result: WARN
    Found the following significant warnings:
     Warning: replacing previous import 'cmsafops::get_basename' by 'cmsafvis::get_basename' when loading 'cmsaf'
Flavors: r-devel-linux-x86_64-debian-clang, r-devel-linux-x86_64-debian-gcc, r-devel-linux-x86_64-fedora-clang, r-devel-linux-x86_64-fedora-gcc, r-devel-windows-x86_64, r-devel-windows-x86_64-gcc10-UCRT, r-patched-linux-x86_64, r-patched-solaris-x86, r-release-linux-x86_64, r-release-windows-ix86+x86_64, r-oldrel-windows-ix86+x86_64

Version: 3.3.0
Check: dependencies in R code
Result: NOTE
    Namespaces in Imports field not imported from:
     ‘FNN’ ‘R.utils’ ‘SearchTrees’ ‘colorspace’ ‘colourpicker’
     ‘data.table’ ‘fields’ ‘mapproj’ ‘maps’ ‘maptools’ ‘ncdf4’ ‘raster’
     ‘rworldxtra’ ‘shinyFiles’ ‘shinyjs’ ‘shinythemes’ ‘sp’ ‘tcltk’ ‘xml2’
     All declared Imports should be used.
Flavors: r-devel-linux-x86_64-fedora-clang, r-devel-linux-x86_64-fedora-gcc, r-devel-windows-x86_64-gcc10-UCRT, r-patched-solaris-x86, r-release-macos-x86_64, r-oldrel-macos-x86_64

Version: 3.2.0
Check: dependencies in R code
Result: NOTE
    Namespaces in Imports field not imported from:
     ‘FNN’ ‘R.utils’ ‘SearchTrees’ ‘colorspace’ ‘colourpicker’
     ‘data.table’ ‘fields’ ‘mapproj’ ‘maps’ ‘maptools’ ‘ncdf4’ ‘raster’
     ‘rworldxtra’ ‘shinyFiles’ ‘shinyjs’ ‘shinythemes’ ‘sp’ ‘tcltk’
     All declared Imports should be used.
Flavor: r-release-macos-arm64