CRAN Package Check Results for Package cmsafvis

Last updated on 2021-10-17 22:48:29 CEST.

Flavor Version Tinstall Tcheck Ttotal Status Flags
r-devel-linux-x86_64-debian-clang 1.1.5 15.09 77.87 92.96 NOTE
r-devel-linux-x86_64-debian-gcc 1.1.7 11.79 58.60 70.39 OK
r-devel-linux-x86_64-fedora-clang 1.1.7 120.42 NOTE
r-devel-linux-x86_64-fedora-gcc 1.1.7 114.20 NOTE
r-devel-windows-x86_64 1.1.5 21.00 94.00 115.00 OK
r-devel-windows-x86_64-gcc10-UCRT 1.1.5 NOTE
r-patched-linux-x86_64 1.1.5 13.66 75.00 88.66 NOTE
r-patched-solaris-x86 1.1.7 130.90 NOTE
r-release-linux-x86_64 1.1.7 14.07 76.32 90.39 OK
r-release-macos-arm64 1.1.5 NOTE
r-release-macos-x86_64 1.1.7 NOTE
r-release-windows-ix86+x86_64 1.1.5 16.00 95.00 111.00 OK
r-oldrel-macos-x86_64 1.1.7 NOTE
r-oldrel-windows-ix86+x86_64 1.1.7 16.00 70.00 86.00 OK

Check Details

Version: 1.1.5
Check: package dependencies
Result: NOTE
    Package suggested but not available for checking: 'plotKML'
Flavors: r-devel-linux-x86_64-debian-clang, r-devel-windows-x86_64-gcc10-UCRT, r-patched-linux-x86_64, r-release-macos-arm64

Version: 1.1.7
Check: package dependencies
Result: NOTE
    Imports includes 21 non-default packages.
    Importing from so many packages makes the package vulnerable to any of
    them becoming unavailable. Move as many as possible to Suggests and
    use conditionally.
Flavor: r-devel-linux-x86_64-fedora-clang

Version: 1.1.7
Check: dependencies in R code
Result: NOTE
    Namespaces in Imports field not imported from:
     ‘maptools’ ‘rgdal’ ‘rworldxtra’
     All declared Imports should be used.
Flavors: r-devel-linux-x86_64-fedora-clang, r-devel-linux-x86_64-fedora-gcc, r-patched-solaris-x86, r-release-macos-x86_64, r-oldrel-macos-x86_64

Version: 1.1.5
Check: dependencies in R code
Result: NOTE
    Namespaces in Imports field not imported from:
     'maptools' 'rgdal' 'rworldxtra'
     All declared Imports should be used.
Flavors: r-devel-windows-x86_64-gcc10-UCRT, r-release-macos-arm64