CRAN Package Check Results for Package coarseDataTools

Last updated on 2024-07-21 04:53:17 CEST.

Flavor Version Tinstall Tcheck Ttotal Status Flags
r-devel-linux-x86_64-debian-clang 0.6-6 10.68 107.61 118.29 OK
r-devel-linux-x86_64-debian-gcc 0.6-6 8.54 77.51 86.05 OK
r-devel-linux-x86_64-fedora-clang 0.6-6 145.59 OK
r-devel-linux-x86_64-fedora-gcc 0.6-6 164.49 OK
r-devel-windows-x86_64 0.6-6 10.00 91.00 101.00 NOTE
r-patched-linux-x86_64 0.6-6 14.50 98.87 113.37 OK
r-release-linux-x86_64 0.6-6 12.66 99.13 111.79 OK
r-release-macos-arm64 0.6-6 45.00 OK
r-release-macos-x86_64 0.6-6 75.00 OK
r-release-windows-x86_64 0.6-6 10.00 91.00 101.00 OK
r-oldrel-macos-arm64 0.6-6 48.00 OK
r-oldrel-macos-x86_64 0.6-6 80.00 OK
r-oldrel-windows-x86_64 0.6-6 14.00 110.00 124.00 OK

Check Details

Version: 0.6-6
Check: Rd cross-references
Result: NOTE Found the following Rd file(s) with Rd \link{} targets missing package anchors: dic.fit.mcmc.Rd: MCMCmetrop1R Please provide package anchors for all Rd \link{} targets not in the package itself and the base packages. Flavor: r-devel-windows-x86_64