CRAN Package Check Results for Package codeCollection

Last updated on 2021-11-30 06:49:20 CET.

Flavor Version Tinstall Tcheck Ttotal Status Flags
r-devel-linux-x86_64-debian-clang 0.1.2 2.80 24.91 27.71 OK
r-devel-linux-x86_64-debian-gcc 0.1.2 2.54 20.06 22.60 OK
r-devel-linux-x86_64-fedora-clang 0.1.2 46.73 NOTE
r-devel-linux-x86_64-fedora-gcc 0.1.2 34.87 NOTE
r-devel-windows-x86_64-new-UL 0.1.2 10.00 61.00 71.00 OK
r-devel-windows-x86_64-new-TK 0.1.2 NOTE
r-devel-windows-x86_64-old 0.1.2 7.00 32.00 39.00 OK
r-patched-linux-x86_64 0.1.2 3.48 23.86 27.34 OK
r-patched-solaris-x86 0.1.2 54.10 NOTE
r-release-linux-x86_64 0.1.2 3.36 23.92 27.28 OK
r-release-macos-arm64 0.1.2 NOTE
r-release-macos-x86_64 0.1.2 NOTE
r-release-windows-ix86+x86_64 0.1.2 8.00 31.00 39.00 OK
r-oldrel-macos-x86_64 0.1.2 NOTE
r-oldrel-windows-ix86+x86_64 0.1.2 6.00 32.00 38.00 OK

Check Details

Version: 0.1.2
Check: data for non-ASCII characters
Result: NOTE
     Note: found 30244 marked UTF-8 strings
Flavors: r-devel-linux-x86_64-fedora-clang, r-devel-linux-x86_64-fedora-gcc, r-devel-windows-x86_64-new-TK, r-patched-solaris-x86, r-release-macos-arm64, r-release-macos-x86_64, r-oldrel-macos-x86_64