CRAN Package Check Results for Package cohorttools

Last updated on 2021-11-30 09:53:51 CET.

Flavor Version Tinstall Tcheck Ttotal Status Flags
r-devel-linux-x86_64-debian-clang 0.1.4 11.60 102.06 113.66 NOTE
r-devel-linux-x86_64-debian-gcc 0.1.4 8.71 76.99 85.70 NOTE
r-devel-linux-x86_64-fedora-clang 0.1.4 146.78 NOTE
r-devel-linux-x86_64-fedora-gcc 0.1.4 132.62 NOTE
r-devel-windows-x86_64-new-UL 0.1.4 22.00 139.00 161.00 NOTE
r-devel-windows-x86_64-new-TK 0.1.4 NOTE
r-devel-windows-x86_64-old 0.1.4 21.00 100.00 121.00 NOTE
r-patched-linux-x86_64 0.1.4 14.29 94.72 109.01 NOTE
r-release-linux-x86_64 0.1.4 12.79 94.73 107.52 NOTE
r-release-macos-arm64 0.1.4 NOTE
r-release-macos-x86_64 0.1.4 NOTE
r-release-windows-ix86+x86_64 0.1.4 32.00 133.00 165.00 NOTE
r-oldrel-macos-x86_64 0.1.4 OK
r-oldrel-windows-ix86+x86_64 0.1.4 24.00 98.00 122.00 OK

Check Details

Version: 0.1.4
Check: LazyData
Result: NOTE
     'LazyData' is specified without a 'data' directory
Flavors: r-devel-linux-x86_64-debian-clang, r-devel-linux-x86_64-debian-gcc, r-devel-linux-x86_64-fedora-clang, r-devel-linux-x86_64-fedora-gcc, r-devel-windows-x86_64-new-UL, r-devel-windows-x86_64-new-TK, r-devel-windows-x86_64-old, r-patched-linux-x86_64, r-release-linux-x86_64, r-release-macos-arm64, r-release-macos-x86_64, r-release-windows-ix86+x86_64