CRAN Package Check Results for Package collUtils

Last updated on 2021-09-20 22:55:15 CEST.

Flavor Version Tinstall Tcheck Ttotal Status Flags
r-devel-linux-x86_64-debian-clang 1.0.5 25.56 38.25 63.81 OK
r-devel-linux-x86_64-debian-gcc 1.0.5 15.42 29.70 45.12 OK
r-devel-linux-x86_64-fedora-clang 1.0.5 99.90 NOTE
r-devel-linux-x86_64-fedora-gcc 1.0.5 75.62 NOTE
r-devel-windows-x86_64 1.0.5 28.00 54.00 82.00 OK
r-devel-windows-x86_64-gcc10-UCRT 1.0.5 ERROR
r-patched-linux-x86_64 1.0.5 20.07 37.20 57.27 OK
r-patched-solaris-x86 1.0.5 93.60 OK
r-release-linux-x86_64 1.0.5 19.65 37.33 56.98 OK
r-release-macos-arm64 1.0.5 OK
r-release-macos-x86_64 1.0.5 OK
r-release-windows-ix86+x86_64 1.0.5 61.00 66.00 127.00 OK
r-oldrel-macos-x86_64 1.0.5 OK
r-oldrel-windows-ix86+x86_64 1.0.5 63.00 63.00 126.00 OK

Check Details

Version: 1.0.5
Check: compiled code
Result: NOTE
    File ‘collUtils/libs/collUtils.so’:
     Found no calls to: ‘R_registerRoutines’, ‘R_useDynamicSymbols’
    
    It is good practice to register native routines and to disable symbol
    search.
    
    See ‘Writing portable packages’ in the ‘Writing R Extensions’ manual.
Flavors: r-devel-linux-x86_64-fedora-clang, r-devel-linux-x86_64-fedora-gcc

Version: 1.0.5
Check: whether package can be installed
Result: ERROR
    Installation failed.
Flavor: r-devel-windows-x86_64-gcc10-UCRT