CRAN Package Check Results for Package collin

Last updated on 2021-12-04 06:50:50 CET.

Flavor Version Tinstall Tcheck Ttotal Status Flags
r-devel-linux-x86_64-debian-clang 0.0.1 9.67 330.22 339.89 OK
r-devel-linux-x86_64-debian-gcc 0.0.1 7.58 263.73 271.31 OK
r-devel-linux-x86_64-fedora-clang 0.0.1 424.04 WARN
r-devel-linux-x86_64-fedora-gcc 0.0.1 414.47 WARN
r-devel-windows-x86_64-new-UL 0.0.1 16.00 432.00 448.00 OK
r-devel-windows-x86_64-new-TK 0.0.1 WARN
r-devel-windows-x86_64-old 0.0.1 13.00 336.00 349.00 OK
r-patched-linux-x86_64 0.0.1 8.21 326.21 334.42 OK
r-release-linux-x86_64 0.0.1 7.59 324.71 332.30 OK
r-release-macos-arm64 0.0.1 OK
r-release-macos-x86_64 0.0.1 OK
r-release-windows-ix86+x86_64 0.0.1 20.00 419.00 439.00 OK
r-oldrel-macos-x86_64 0.0.1 OK
r-oldrel-windows-ix86+x86_64 0.0.1 20.00 431.00 451.00 OK

Check Details

Version: 0.0.1
Check: re-building of vignette outputs
Result: WARN
    Error(s) in re-building vignettes:
    --- re-building ‘collin.Rnw’ using knitr
    Error: processing vignette 'collin.Rnw' failed with diagnostics:
    Running 'texi2dvi' on 'collin.tex' failed.
    LaTeX errors:
    ! Package xcolor Error: Undefined color `fgcolor'.
    
    See the xcolor package documentation for explanation.
    Type H <return> for immediate help.
     ...
    ! Package xcolor Error: Undefined color `fgcolor'.
    
    See the xcolor package documentation for explanation.
    Type H <return> for immediate help.
     ...
    ! Package xcolor Error: Undefined color `messagecolor'.
    
    See the xcolor package documentation for explanation.
    Type H <return> for immediate help.
     ...
    ! Package xcolor Error: Undefined color `fgcolor'.
    
    See the xcolor package documentation for explanation.
    Type H <return> for immediate help.
     ...
    ! Package xcolor Error: Undefined color `fgcolor'.
    
    See the xcolor package documentation for explanation.
    Type H <return> for immediate help.
     ...
    ! Package xcolor Error: Undefined color `fgcolor'.
    
    See the xcolor package documentation for explanation.
    Type H <return> for immediate help.
     ...
    ! Package xcolor Error: Undefined color `fgcolor'.
    
    See the xcolor package documentation for explanation.
    Type H <return> for immediate help.
     ...
    ! Package xcolor Error: Undefined color `messagecolor'.
    
    See the xcolor package documentation for explanation.
    Type H <return> for immediate help.
     ...
    ! Package xcolor Error: Undefined color `fgcolor'.
    
    See the xcolor package documentation for explanation.
    Type H <return> for immediate help.
     ...
    ! Package xcolor Error: Undefined color `fgcolor'.
    
    See the xcolor package documentation for explanation.
    Type H <return> for immediate help.
     ...
    ! Package xcolor Error: Undefined color `fgcolor'.
    
    See the xcolor package documentation for explanation.
    Type H <return> for immediate help.
     ...
    ! Package xcolor Error: Undefined color `fgcolor'.
    
    See the xcolor package documentation for explanation.
    Type H <return> for immediate help.
     ...
    ! Package xcolor Error: Undefined color `fgcolor'.
    
    See the xcolor package documentation for explanation.
    Type H <return> for immediate help.
     ...
    ! Package xcolor Error: Undefined color `fgcolor'.
    
    See the xcolor package documentation for explanation.
    Type H <return> for immediate help.
     ...
    ! Package xcolor Error: Undefined color `fgcolor'.
    
    See the xcolor package documentation for explanation.
    Type H <return> for immediate help.
     ...
    ! Package xcolor Error: Undefined color `fgcolor'.
    
    See the xcolor package documentation for explanation.
    Type H <return> for immediate help.
     ...
    ! Package xcolor Error: Undefined color `fgcolor'.
    
    See the xcolor package documentation for explanation.
    Type H <return> for immediate help.
     ...
    ! Package xcolor Error: Undefined color `fgcolor'.
    
    See the xcolor package documentation for explanation.
    Type H <return> for immediate help.
     ...
    ! Package xcolor Error: Undefined color `fgcolor'.
    
    See the xcolor package documentation for explanation.
    Type H <return> for immediate help.
     ...
    ! Package xcolor Error: Undefined color `fgcolor'.
    
    See the xcolor package documentation for explanation.
    Type H <return> for immediate help.
     ...
    ! Package xcolor Error: Undefined color `fgcolor'.
    
    See the xcolor package documentation for explanation.
    Type H <return> for immediate help.
     ...
    ! Package xcolor Error: Undefined color `fgcolor'.
    
    See the xcolor package documentation for explanation.
    Type H <return> for immediate help.
     ...
    ! Package xcolor Error: Undefined color `fgcolor'.
    
    See the xcolor package documentation for explanation.
    Type H <return> for immediate help.
     ...
    ! Package xcolor Error: Undefined color `fgcolor'.
    
    See the xcolor package documentation for explanation.
    Type H <return> for immediate help.
     ...
    ! Package xcolor Error: Undefined color `fgcolor'.
    
    See the xcolor package documentation for explanation.
    Type H <return> for immediate help.
     ...
    ! Package xcolor Error: Undefined color `fgcolor'.
    
    See the xcolor package documentation for explanation.
    Type H <return> for immediate help.
     ...
    ! Package xcolor Error: Undefined color `fgcolor'.
    
    See the xcolor package documentation for explanation.
    Type H <return> for immediate help.
     ...
    ! Package xcolor Error: Undefined color `fgcolor'.
    
    See the xcolor package documentation for explanation.
    Type H <return> for immediate help.
     ...
    ! Package xcolor Error: Undefined color `fgcolor'.
    
    See the xcolor package documentation for explanation.
    Type H <return> for immediate help.
     ...
    ! Package xcolor Error: Undefined color `fgcolor'.
    
    See the xcolor package documentation for explanation.
    Type H <return> for immediate help.
     ...
    ! Package xcolor Error: Undefined color `fgcolor'.
    
    See the xcolor package documentation for explanation.
    Type H <return> for immediate help.
     ...
    ! Package xcolor Error: Undefined color `fgcolor'.
    
    See the xcolor package documentation for explanation.
    Type H <return> for immediate help.
     ...
    ! Package xcolor Error: Undefined color `fgcolor'.
    
    See the xcolor package documentation for explanation.
    Type H <return> for immediate help.
     ...
    ! Package xcolor Error: Undefined color `fgcolor'.
    
    See the xcolor package documentation for explanation.
    Type H <return> for immediate help.
     ...
    ! Package xcolor Error: Undefined color `fgcolor'.
    
    See the xcolor package documentation for explanation.
    Type H <return> for immediate help.
     ...
    ! Package xcolor Error: Undefined color `fgcolor'.
    
    See the xcolor package documentation for explanation.
    Type H <return> for immediate help.
     ...
    ! Package xcolor Error: Undefined color `fgcolor'.
    
    See the xcolor package documentation for explanation.
    Type H <return> for immediate help.
     ...
    ! Package xcolor Error: Undefined color `fgcolor'.
    
    See the xcolor package documentation for explanation.
    Type H <return> for immediate help.
     ...
    ! Package xcolor Error: Undefined color `fgcolor'.
    
    See the xcolor package documentation for explanation.
    Type H <return> for immediate help.
     ...
    ! Package xcolor Error: Undefined color `fgcolor'.
    
    See the xcolor package documentation for explanation.
    Type H <return> for immediate help.
     ...
    ! Package xcolor Error: Undefined color `fgcolor'.
    
    See the xcolor package documentation for explanation.
    Type H <return> for immediate help.
     ...
    ! Package xcolor Error: Undefined color `fgcolor'.
    
    See the xcolor package documentation for explanation.
    Type H <return> for
    --- failed re-building ‘collin.Rnw’
    
    SUMMARY: processing the following file failed:
     ‘collin.Rnw’
    
    Error: Vignette re-building failed.
    Execution halted
Flavors: r-devel-linux-x86_64-fedora-clang, r-devel-linux-x86_64-fedora-gcc

Version: 0.0.1
Check: re-building of vignette outputs
Result: WARN
    Error(s) in re-building vignettes:
    --- re-building 'collin.Rnw' using knitr
    Warning in system(paste(shQuote(texi2dvi), if (quiet) "--quiet" else "", :
     running command '"C:\PROGRA~1\MiKTeX\miktex\bin\x64\texify.exe" --quiet --pdf "collin.tex" --max-iterations=20 -I "C:/r_packages/rinst/share/texmf/tex/latex" -I "C:/r_packages/rinst/share/texmf/bibtex/bst"' had status 1
    Error: processing vignette 'collin.Rnw' failed with diagnostics:
    running 'texi2dvi' on 'collin.tex' failed
    
    LaTeX errors:
    lin.tex:160: Package xcolor Error: Undefined color `fgcolor'.
    
    See the xcolor package documentation for explanation.
    Type H <return> for immediate help.
     ...
    lin.tex:169: Package xcolor Error: Undefined color `fgcolor'.
    
    See the xcolor package documentation for explanation.
    Type H <return> for immediate help.
     ...
    lin.tex:175: Package xcolor Error: Undefined color `messagecolor'.
    
    See the xcolor package documentation for explanation.
    Type H <return> for immediate help.
     ...
    lin.tex:178: Package xcolor Error: Undefined color `fgcolor'.
    
    See the xcolor package documentation for explanation.
    Type H <return> for immediate help.
     ...
    lin.tex:187: Package xcolor Error: Undefined color `fgcolor'.
    
    See the xcolor package documentation for explanation.
    Type H <return> for immediate help.
     ...
    lin.tex:260: Package xcolor Error: Undefined color `fgcolor'.
    
    See the xcolor package documentation for explanation.
    Type H <return> for immediate help.
     ...
    lin.tex:270: Package xcolor Error: Undefined color `fgcolor'.
    
    See the xcolor package documentation for explanation.
    Type H <return> for immediate help.
     ...
    lin.tex:277: Package xcolor Error: Undefined color `messagecolor'.
    
    See the xcolor package documentation for explanation.
    Type H <return> for immediate help.
     ...
    lin.tex:295: Package xcolor Error: Undefined color `fgcolor'.
    
    See the xcolor package documentation for explanation.
    Type H <return> for immediate help.
     ...
    lin.tex:357: Package xcolor Error: Undefined color `fgcolor'.
    
    See the xcolor package documentation for explanation.
    Type H <return> for immediate help.
     ...
    lin.tex:392: Package xcolor Error: Undefined color `fgcolor'.
    
    See the xcolor package documentation for explanation.
    Type H <return> for immediate help.
     ...
    lin.tex:424: Package xcolor Error: Undefined color `fgcolor'.
    
    See the xcolor package documentation for explanation.
    Type H <return> for immediate help.
     ...
    lin.tex:440: Package xcolor Error: Undefined color `fgcolor'.
    
    See the xcolor package documentation for explanation.
    Type H <return> for immediate help.
     ...
    lin.tex:456: Package xcolor Error: Undefined color `fgcolor'.
    
    See the xcolor package documentation for explanation.
    Type H <return> for immediate help.
     ...
    lin.tex:488: Package xcolor Error: Undefined color `fgcolor'.
    
    See the xcolor package documentation for explanation.
    Type H <return> for immediate help.
     ...
    lin.tex:500: Package xcolor Error: Undefined color `fgcolor'.
    
    See the xcolor package documentation for explanation.
    Type H <return> for immediate help.
     ...
    lin.tex:516: Package xcolor Error: Undefined color `fgcolor'.
    
    See the xcolor package documentation for explanation.
    Type H <return> for immediate help.
     ...
    lin.tex:531: Package xcolor Error: Undefined color `fgcolor'.
    
    See the xcolor package documentation for explanation.
    Type H <return> for immediate help.
     ...
    lin.tex:552: Package xcolor Error: Undefined color `fgcolor'.
    
    See the xcolor package documentation for explanation.
    Type H <return> for immediate help.
     ...
    lin.tex:563: Package xcolor Error: Undefined color `fgcolor'.
    
    See the xcolor package documentation for explanation.
    Type H <return> for immediate help.
     ...
    lin.tex:578: Package xcolor Error: Undefined color `fgcolor'.
    
    See the xcolor package documentation for explanation.
    Type H <return> for immediate help.
     ...
    lin.tex:593: Package xcolor Error: Undefined color `fgcolor'.
    
    See the xcolor package documentation for explanation.
    Type H <return> for immediate help.
     ...
    lin.tex:613: Package xcolor Error: Undefined color `fgcolor'.
    
    See the xcolor package documentation for explanation.
    Type H <return> for immediate help.
     ...
    lin.tex:624: Package xcolor Error: Undefined color `fgcolor'.
    
    See the xcolor package documentation for explanation.
    Type H <return> for immediate help.
     ...
    lin.tex:652: Package xcolor Error: Undefined color `fgcolor'.
    
    See the xcolor package documentation for explanation.
    Type H <return> for immediate help.
     ...
    lin.tex:682: Package xcolor Error: Undefined color `fgcolor'.
    
    See the xcolor package documentation for explanation.
    Type H <return> for immediate help.
     ...
    lin.tex:699: Package xcolor Error: Undefined color `fgcolor'.
    
    See the xcolor package documentation for explanation.
    Type H <return> for immediate help.
     ...
    lin.tex:743: Package xcolor Error: Undefined color `fgcolor'.
    
    See the xcolor package documentation for explanation.
    Type H <return> for immediate help.
     ...
    lin.tex:795: Package xcolor Error: Undefined color `fgcolor'.
    
    See the xcolor package documentation for explanation.
    Type H <return> for immediate help.
     ...
    lin.tex:810: Package xcolor Error: Undefined color `fgcolor'.
    
    See the xcolor package documentation for explanation.
    Type H <return> for immediate help.
     ...
    lin.tex:826: Package xcolor Error: Undefined color `fgcolor'.
    
    See the xcolor package documentation for explanation.
    Type H <return> for immediate help.
     ...
    lin.tex:841: Package xcolor Error: Undefined color `fgcolor'.
    
    See the xcolor package documentation for explanation.
    Type H <return> for immediate help.
     ...
    lin.tex:868: Package xcolor Error: Undefined color `fgcolor'.
    
    See the xcolor package documentation for explanation.
    Type H <return> for immediate help.
     ...
    lin.tex:894: Package xcolor Error: Undefined color `fgcolor'.
    
    See the xcolor package documentation for explanation.
    Type H <return> for immediate help.
     ...
    lin.tex:923: Package xcolor Error: Undefined color `fgcolor'.
    
    See the xcolor package documentation for explanation.
    Type H <return> for immediate help.
     ...
    lin.tex:935: Package xcolor Error: Undefined color `fgcolor'.
    
    See the xcolor package documentation for explanation.
    Type H <return> for immediate help.
     ...
    lin.tex:952: Package xcolor Error: Undefined color `fgcolor'.
    
    See the xcolor package documentation for explanation.
    Type H <return> for immediate help.
     ...
    lin.tex:969: Package xcolor Error: Undefined color `fgcolor'.
    
    See the xcolor package documentation for explanation.
    Type H <return> for immediate help.
     ...
    lin.tex:990: Package xcolor Error: Undefined color `fgcolor'.
    
    See the xcolor package documentation for explanation.
    Type H <return> for immediate help.
     ...
    lin.tex:1001: Package xcolor Error: Undefined color `fgcolor'.
    
    See the xcolor package do
    --- failed re-building 'collin.Rnw'
    
    SUMMARY: processing the following file failed:
     'collin.Rnw'
    
    Error: Vignette re-building failed.
    Execution halted
Flavor: r-devel-windows-x86_64-new-TK