CRAN Package Check Results for Package colorednoise

Last updated on 2021-09-19 04:52:52 CEST.

Flavor Version Tinstall Tcheck Ttotal Status Flags
r-devel-linux-x86_64-debian-clang 1.1.0 49.96 63.07 113.03 NOTE --no-vignettes
r-devel-linux-x86_64-debian-gcc 1.1.0 33.86 47.29 81.15 NOTE --no-vignettes
r-devel-linux-x86_64-fedora-clang 1.1.0 377.59 NOTE
r-devel-linux-x86_64-fedora-gcc 1.1.0 345.14 NOTE
r-devel-windows-x86_64 1.1.0 45.00 339.00 384.00 NOTE
r-devel-windows-x86_64-gcc10-UCRT 1.1.0 ERROR --no-vignettes
r-patched-linux-x86_64 1.1.0 39.63 59.45 99.08 NOTE --no-vignettes
r-patched-solaris-x86 1.1.0 449.40 NOTE
r-release-linux-x86_64 1.1.0 37.70 59.19 96.89 NOTE --no-vignettes
r-release-macos-arm64 1.1.0 NOTE
r-release-macos-x86_64 1.1.0 NOTE
r-release-windows-ix86+x86_64 1.1.0 118.00 289.00 407.00 NOTE
r-oldrel-macos-x86_64 1.1.0 OK
r-oldrel-windows-ix86+x86_64 1.1.0 115.00 372.00 487.00 OK

Check Details

Version: 1.1.0
Flags: --no-vignettes
Check: LazyData
Result: NOTE
     'LazyData' is specified without a 'data' directory
Flavors: r-devel-linux-x86_64-debian-clang, r-devel-linux-x86_64-debian-gcc, r-patched-linux-x86_64, r-release-linux-x86_64

Version: 1.1.0
Check: LazyData
Result: NOTE
     'LazyData' is specified without a 'data' directory
Flavors: r-devel-linux-x86_64-fedora-clang, r-devel-linux-x86_64-fedora-gcc, r-devel-windows-x86_64, r-patched-solaris-x86, r-release-macos-arm64, r-release-macos-x86_64, r-release-windows-ix86+x86_64

Version: 1.1.0
Flags: --no-vignettes
Check: whether package can be installed
Result: ERROR
    Installation failed.
Flavor: r-devel-windows-x86_64-gcc10-UCRT