CRAN Package Check Results for Package colorhex

Last updated on 2021-10-18 19:51:30 CEST.

Flavor Version Tinstall Tcheck Ttotal Status Flags
r-devel-linux-x86_64-debian-clang 0.1.1 2.82 30.27 33.09 OK
r-devel-linux-x86_64-debian-gcc 0.1.1 2.19 23.49 25.68 OK
r-devel-linux-x86_64-fedora-clang 0.1.1 50.78 OK
r-devel-linux-x86_64-fedora-gcc 0.1.1 38.52 OK
r-devel-windows-x86_64 0.1.1 5.00 53.00 58.00 OK
r-devel-windows-x86_64-gcc10-UCRT 0.1.1 OK
r-patched-linux-x86_64 0.1.1 2.96 28.73 31.69 OK
r-patched-solaris-x86 0.1.1 48.50 ERROR
r-release-linux-x86_64 0.1.1 2.80 28.43 31.23 OK
r-release-macos-arm64 0.1.1 OK
r-release-macos-x86_64 0.1.1 OK
r-release-windows-ix86+x86_64 0.1.1 7.00 52.00 59.00 OK
r-oldrel-macos-x86_64 0.1.1 OK
r-oldrel-windows-ix86+x86_64 0.1.1 7.00 57.00 64.00 OK

Check Details

Version: 0.1.1
Check: examples
Result: ERROR
    Running examples in ‘colorhex-Ex.R’ failed
    The error most likely occurred in:
    
    > ### Name: get_color
    > ### Title: Get color information
    > ### Aliases: get_color
    >
    > ### ** Examples
    >
    > get_color("#470f0f")
    Error in open.connection(x, "rb") :
     SSL certificate problem: certificate has expired
    Calls: get_color -> <Anonymous> -> read_html.default
    Execution halted
Flavor: r-patched-solaris-x86